-- https://www.phpmyadmin.net/
--

START TRANSACTION;



--
-- Database: `look_like`
--

-- --------------------------------------------------------

--
-- Table structure for table `actions`
--

CREATE TABLE `actions` (
  `id` int(10) UNSIGNED NOT NULL,
  `user_id` varchar(255) COLLATE utf8mb4_unicode_ci NOT NULL,
  `ar_action` varchar(255) COLLATE utf8mb4_unicode_ci NOT NULL,
  `en_action` varchar(255) COLLATE utf8mb4_unicode_ci NOT NULL,
  `ip` varchar(255) COLLATE utf8mb4_unicode_ci NOT NULL,
  `created_at` varchar(255) COLLATE utf8mb4_unicode_ci DEFAULT NULL,
  `updated_at` varchar(255) COLLATE utf8mb4_unicode_ci DEFAULT NULL
) ENGINE=InnoDB DEFAULT CHARSET=utf8mb4 COLLATE=utf8mb4_unicode_ci;

--
-- Dumping data for table `actions`
--

INSERT INTO `actions` (`id`, `user_id`, `ar_action`, `en_action`, `ip`, `created_at`, `updated_at`) VALUES
(1, '1', 'قام بتسجيل الدخول للوحة التحكم', 'Login to admin dashboard', '::1', '2019-01-13 19:06:40', '2019-01-13 19:06:40'),
(2, '1', 'قام بالدخول للوحة التحكم', 'Go to admin dashboard', '::1', '2019-01-13 19:06:40', '2019-01-13 19:06:40'),
(3, '1', 'قام بالدخول للوحة التحكم', 'Go to admin dashboard', '::1', '2019-01-13 19:08:55', '2019-01-13 19:08:55'),
(4, '1', 'قام بالدخول للوحة التحكم', 'Go to admin dashboard', '::1', '2019-01-13 19:11:22', '2019-01-13 19:11:22'),
(5, '1', 'قام بالدخول للوحة التحكم', 'Go to admin dashboard', '::1', '2019-01-13 19:12:45', '2019-01-13 19:12:45'),
(6, '1', 'قام بالدخول للوحة التحكم', 'Go to admin dashboard', '::1', '2019-01-13 19:13:26', '2019-01-13 19:13:26'),
(7, '1', 'قام بالدخول للوحة التحكم', 'Go to admin dashboard', '::1', '2019-01-13 19:14:33', '2019-01-13 19:14:33'),
(8, '1', 'قام بالدخول للوحة التحكم', 'Go to admin dashboard', '::1', '2019-01-13 19:15:16', '2019-01-13 19:15:16'),
(9, '1', 'قام بتعديل محموعة مشرفين : الإدارة العليا', 'Edit admin group : Top Management', '::1', '2019-01-13 19:15:34', '2019-01-13 19:15:34'),
(10, '1', 'قام بتسجيل الدخول للوحة التحكم', 'Login to admin dashboard', '::1', '2019-01-13 23:55:50', '2019-01-13 23:55:50'),
(11, '1', 'قام بالدخول للوحة التحكم', 'Go to admin dashboard', '::1', '2019-01-13 23:55:50', '2019-01-13 23:55:50'),
(12, '1', 'قام بتسجيل الخرج من لوحة التحكم', 'Logout from admin dashboard', '::1', '2019-01-13 23:55:55', '2019-01-13 23:55:55'),
(13, '1', 'قام بتسجيل الدخول للوحة التحكم', 'Login to admin dashboard', '::1', '2019-01-14 00:00:35', '2019-01-14 00:00:35'),
(14, '1', 'قام بالدخول للوحة التحكم', 'Go to admin dashboard', '::1', '2019-01-14 00:00:35', '2019-01-14 00:00:35'),
(15, '1', 'قام بتعديل بيانات الموقع', 'Edit site info', '::1', '2019-01-14 00:04:36', '2019-01-14 00:04:36'),
(16, '1', 'قام بإضافة خدمة جديدة : LED Ring Display', 'Add a new service : الصمام الدائري العرض', '::1', '2019-01-14 00:06:47', '2019-01-14 00:06:47'),
(17, '1', 'قام بإضافة خدمة جديدة : LED Ring Display 1', 'Add a new service : الصمام الدائري العرض ١', '::1', '2019-01-14 00:07:49', '2019-01-14 00:07:49'),
(18, '1', 'قام بإضافة خدمة جديدة : LED Ring Display 2', 'Add a new service : الصمام الدائري العرض ٢', '::1', '2019-01-14 00:08:21', '2019-01-14 00:08:21'),
(19, '1', 'قام بإضافة مشروع جديدة : LED Ring Display', 'Add a new project : الصمام الدائري العرض', '::1', '2019-01-14 00:09:10', '2019-01-14 00:09:10'),
(20, '1', 'قام بتعديل مشروع حالية : LED Ring Display 1', 'Edit current project : الصمام الدائري العرض ١', '::1', '2019-01-14 00:10:51', '2019-01-14 00:10:51'),
(21, '1', 'قام بتعديل مشروع حالية : LED Ring Display 2', 'Edit current project : الصمام الدائري العرض ٢', '::1', '2019-01-14 00:11:17', '2019-01-14 00:11:17'),
(22, '1', 'قام بتعديل مشروع حالية : LED Ring Display 3', 'Edit current project : الصمام الدائري العرض ٣', '::1', '2019-01-14 00:11:38', '2019-01-14 00:11:38'),
(23, '1', 'قام بإضافة تصنيف منتجات جديد : سلسلة العرض LED', 'Add a new products category : LED Display Series', '::1', '2019-01-14 00:12:38', '2019-01-14 00:12:38'),
(24, '1', 'قام بإضافة تصنيف منتجات جديد : LED Floor Series', 'Add a new products category : سلسلة LED الطابق', '::1', '2019-01-14 00:13:15', '2019-01-14 00:13:15'),
(25, '1', 'قام بإضافة تصنيف منتجات جديد : سلسلة الستار LED', 'Add a new products category : LED Curtain Series', '::1', '2019-01-14 00:13:44', '2019-01-14 00:13:44'),
(26, '1', 'قام بإضافة تصنيف منتجات جديد : LED Creative Series', 'Add a new products category : سلسلة LED الإبداعية', '::1', '2019-01-14 00:14:07', '2019-01-14 00:14:07'),
(27, '1', 'قام بإضافة تصنيف منتجات جديد : LED Washer', 'Add a new products category : الصمام الغسالة', '::1', '2019-01-14 00:14:31', '2019-01-14 00:14:31'),
(28, '1', 'قام بإضافة تصنيف منتجات جديد : LED Lighting Series', 'Add a new products category : سلسلة إضاءة LED', '::1', '2019-01-14 00:15:05', '2019-01-14 00:15:05'),
(29, '1', 'قام بتعديل تصنيف منتجات حالي : سلسلة LED الطابق', 'Edit a current products category : LED Floor Series', '::1', '2019-01-14 00:15:19', '2019-01-14 00:15:19'),
(30, '1', 'قام بتعديل تصنيف منتجات حالي : سلسلة LED الإبداعية', 'Edit a current products category : LED Creative Series', '::1', '2019-01-14 00:15:31', '2019-01-14 00:15:31'),
(31, '1', 'قام بتعديل تصنيف منتجات حالي : الصمام الغسالة', 'Edit a current products category : LED Washer', '::1', '2019-01-14 00:15:40', '2019-01-14 00:15:40'),
(32, '1', 'قام بتعديل تصنيف منتجات حالي : سلسلة إضاءة LED', 'Edit a current products category : LED Lighting Series', '::1', '2019-01-14 00:15:49', '2019-01-14 00:15:49'),
(33, '1', 'قام بإضافة منتج جديد : LED Ring Display', 'Add a new product : الصمام الدائري العرض', '::1', '2019-01-14 00:16:40', '2019-01-14 00:16:40'),
(34, '1', 'قام بتعديل منتج حالي : LED Ring Display', 'Edit current product : الصمام الدائري العرض', '::1', '2019-01-14 00:17:51', '2019-01-14 00:17:51'),
(35, '1', 'قام بتعديل منتج حالي : الصمام الدائري العرض', 'Edit current product : LED Ring Display', '::1', '2019-01-14 00:18:16', '2019-01-14 00:18:16'),
(36, '1', 'قام بتعديل منتج حالي : الصمام الدائري العرض', 'Edit current product : LED Ring Display', '::1', '2019-01-14 00:18:27', '2019-01-14 00:18:27'),
(37, '1', 'قام بتعديل منتج حالي : الصمام الدائري العرض', 'Edit current product : LED Ring Display', '::1', '2019-01-14 00:18:40', '2019-01-14 00:18:40'),
(38, '1', 'قام بتعديل منتج حالي : الصمام الدائري العرض', 'Edit current product : LED Ring Display', '::1', '2019-01-14 00:18:50', '2019-01-14 00:18:50'),
(39, '1', 'قام بتعديل منتج حالي : الصمام الدائري العرض', 'Edit current product : LED Ring Display', '::1', '2019-01-14 00:19:11', '2019-01-14 00:19:11'),
(40, '1', 'قام بتعديل منتج حالي : الصمام الدائري العرض', 'Edit current product : LED Ring Display', '::1', '2019-01-14 00:19:26', '2019-01-14 00:19:26'),
(41, '1', 'قام بتعديل منتج حالي : الصمام الدائري العرض', 'Edit current product : LED Ring Display', '::1', '2019-01-14 00:19:38', '2019-01-14 00:19:38'),
(42, '1', 'قام بتعديل منتج حالي : الصمام الدائري العرض', 'Edit current product : LED Ring Display', '::1', '2019-01-14 00:19:53', '2019-01-14 00:19:53'),
(43, '1', 'قام بإضافة شاشة جديدة : الصمام الدائري العرض', 'Add a new screen : LED Ring Display', '::1', '2019-01-14 00:21:22', '2019-01-14 00:21:22'),
(44, '1', 'قام بتعديل شاشة حالية : الصمام الدائري العرض', 'Edit current screen : LED Ring Display', '::1', '2019-01-14 00:22:29', '2019-01-14 00:22:29'),
(45, '1', 'قام بتعديل شاشة حالية : الصمام الدائري العرض', 'Edit current screen : LED Ring Display', '::1', '2019-01-14 00:22:47', '2019-01-14 00:22:47'),
(46, '1', 'قام بإضافة خدمة جديدة : عميل تجربة', 'Add a new client : Example Client', '::1', '2019-01-14 00:38:00', '2019-01-14 00:38:00'),
(47, '1', 'قام بتعديل خدمة حالية : عميل تجربة ١', 'Edit current client : Example Client 1', '::1', '2019-01-14 00:38:52', '2019-01-14 00:38:52'),
(48, '1', 'قام بتعديل خدمة حالية : عميل تجربة ٢', 'Edit current client : Example Client 2', '::1', '2019-01-14 00:39:04', '2019-01-14 00:39:04'),
(49, '1', 'قام بتعديل خدمة حالية : عميل تجربة ٤', 'Edit current client : Example Client 4', '::1', '2019-01-14 00:39:19', '2019-01-14 00:39:19'),
(50, '1', 'قام بتعديل خدمة حالية : عميل تجربة ٥', 'Edit current client : Example Client 5', '::1', '2019-01-14 00:39:51', '2019-01-14 00:39:51'),
(51, '1', 'قام بالدخول للوحة التحكم', 'Go to admin dashboard', '::1', '2019-01-14 00:39:58', '2019-01-14 00:39:58'),
(52, '1', 'قام بالدخول للوحة التحكم', 'Go to admin dashboard', '::1', '2019-01-14 00:41:06', '2019-01-14 00:41:06'),
(53, '1', 'قام بإضافة خبر جديد : خبر جديد', 'Add a new news : Last News', '::1', '2019-01-14 00:44:53', '2019-01-14 00:44:53'),
(54, '1', 'قام بتعديل خبر حالي : خبر جديد', 'Edit current news : Last News', '::1', '2019-01-14 00:45:23', '2019-01-14 00:45:23'),
(55, '1', 'قام بتعديل خبر حالي : خبر جديد', 'Edit current news : Last News', '::1', '2019-01-14 00:45:36', '2019-01-14 00:45:36'),
(56, '1', 'قام بإضافة صفحة جديدة : من نحن', 'Add a new page : About Us', '::1', '2019-01-14 00:51:32', '2019-01-14 00:51:32'),
(57, '1', 'قام بحذف صفحة : من نحن', 'Delete page : About Us', '::1', '2019-01-14 00:51:52', '2019-01-14 00:51:52'),
(58, '1', 'قام بإضافة سليدر جديد : صورة تجربة', 'Add a new slider : Example Slider', '::1', '2019-01-14 00:52:46', '2019-01-14 00:52:46'),
(59, '1', 'قام بتعديل سليدر : صورة تجربة', 'Edit slider : Example Slider', '::1', '2019-01-14 00:53:12', '2019-01-14 00:53:12'),
(60, '1', 'قام بتعديل سليدر : صورة تجربة', 'Edit slider : Example Slider', '::1', '2019-01-14 00:53:20', '2019-01-14 00:53:20'),
(61, '1', 'قام بإضافة صورة جديدة : صورة تجربة', 'Add a new gallery : Example Image', '::1', '2019-01-14 00:53:42', '2019-01-14 00:53:42'),
(62, '1', 'قام بإضافة صورة جديدة : فيديو تجربة', 'Add a new gallery : Example Video', '::1', '2019-01-14 00:54:18', '2019-01-14 00:54:18'),
(63, '1', 'قام بالدخول للوحة التحكم', 'Go to admin dashboard', '::1', '2019-01-14 01:30:35', '2019-01-14 01:30:35'),
(64, '1', 'قام بالدخول للوحة التحكم', 'Go to admin dashboard', '::1', '2019-01-14 02:03:16', '2019-01-14 02:03:16'),
(65, '1', 'قام بتعديل خدمة حالية : LED Ring Display', 'Edit current service : الصمام الدائري العرض', '::1', '2019-01-14 02:03:38', '2019-01-14 02:03:38'),
(66, '1', 'قام بتعديل خدمة حالية : LED Ring Display 2', 'Edit current service : الصمام الدائري العرض ٢', '::1', '2019-01-14 02:03:58', '2019-01-14 02:03:58'),
(67, '1', 'قام بالدخول للوحة التحكم', 'Go to admin dashboard', '::1', '2019-01-14 03:17:55', '2019-01-14 03:17:55'),
(68, '1', 'قام بتعديل منتج حالي : الصمام الدائري العرض', 'Edit current product : LED Ring Display', '::1', '2019-01-14 03:18:14', '2019-01-14 03:18:14'),
(69, '1', 'قام بتعديل منتج حالي : الصمام الدائري العرض', 'Edit current product : LED Ring Display', '::1', '2019-01-14 03:18:25', '2019-01-14 03:18:25'),
(70, '1', 'قام بتعديل منتج حالي : الصمام الدائري العرض', 'Edit current product : LED Ring Display', '::1', '2019-01-14 03:18:35', '2019-01-14 03:18:35'),
(71, '1', 'قام بتعديل منتج حالي : الصمام الدائري العرض', 'Edit current product : LED Ring Display', '::1', '2019-01-14 03:18:44', '2019-01-14 03:18:44'),
(72, '1', 'قام بتعديل منتج حالي : الصمام الدائري العرض', 'Edit current product : LED Ring Display', '::1', '2019-01-14 03:18:57', '2019-01-14 03:18:57'),
(73, '1', 'قام بتعديل منتج حالي : الصمام الدائري العرض', 'Edit current product : LED Ring Display', '::1', '2019-01-14 03:19:07', '2019-01-14 03:19:07'),
(74, '1', 'قام بالدخول للوحة التحكم', 'Go to admin dashboard', '::1', '2019-01-14 03:54:09', '2019-01-14 03:54:09'),
(75, '1', 'قام بإضافة صفحة جديدة : مميزاتنا', 'Add a new page : Our Features', '::1', '2019-01-14 03:54:42', '2019-01-14 03:54:42'),
(76, '1', 'قام بتسجيل الدخول للوحة التحكم', 'Login to admin dashboard', '188.71.233.205', '2019-01-21 01:38:08', '2019-01-21 01:38:08'),
(77, '1', 'قام بالدخول للوحة التحكم', 'Go to admin dashboard', '188.71.233.205', '2019-01-21 01:38:08', '2019-01-21 01:38:08'),
(78, '1', 'قام بتعديل بيانات الموقع', 'Edit site info', '188.71.233.205', '2019-01-21 02:10:18', '2019-01-21 02:10:18'),
(79, '1', 'قام بتعديل بيانات الموقع', 'Edit site info', '188.71.233.205', '2019-01-21 02:13:17', '2019-01-21 02:13:17'),
(80, '1', 'قام بالدخول للوحة التحكم', 'Go to admin dashboard', '188.71.233.205', '2019-01-21 02:14:31', '2019-01-21 02:14:31'),
(81, '1', 'قام بالدخول للوحة التحكم', 'Go to admin dashboard', '188.71.233.205', '2019-01-21 02:16:50', '2019-01-21 02:16:50'),
(82, '1', 'قام بتعديل صورة : صورة تجربة', 'Edit gallery : Example Image', '188.71.233.205', '2019-01-21 02:18:49', '2019-01-21 02:18:49'),
(83, '1', 'قام بتعديل صورة : صورة تجربة', 'Edit gallery : Example Image', '188.71.233.205', '2019-01-21 02:21:06', '2019-01-21 02:21:06'),
(84, '1', 'قام بإضافة صورة جديدة : بروفايل', 'Add a new gallery : profile', '188.71.233.205', '2019-01-21 02:24:56', '2019-01-21 02:24:56'),
(85, '1', 'قام بالدخول للوحة التحكم', 'Go to admin dashboard', '188.71.233.205', '2019-01-21 02:26:02', '2019-01-21 02:26:02'),
(86, '1', 'قام بالدخول للوحة التحكم', 'Go to admin dashboard', '188.71.233.205', '2019-01-21 02:28:29', '2019-01-21 02:28:29'),
(87, '1', 'قام بالدخول للوحة التحكم', 'Go to admin dashboard', '188.71.233.205', '2019-01-21 02:30:06', '2019-01-21 02:30:06'),
(88, '1', 'قام بالدخول للوحة التحكم', 'Go to admin dashboard', '188.71.233.205', '2019-01-21 02:30:37', '2019-01-21 02:30:37'),
(89, '1', 'قام بإضافة سليدر جديد : بروفايل', 'Add a new slider : profile', '188.71.233.205', '2019-01-21 02:31:54', '2019-01-21 02:31:54'),
(90, '1', 'قام بتعديل سليدر : بروفايل', 'Edit slider : profile', '188.71.233.205', '2019-01-21 02:46:53', '2019-01-21 02:46:53'),
(91, '1', 'قام بالدخول للوحة التحكم', 'Go to admin dashboard', '188.71.233.205', '2019-01-21 03:01:55', '2019-01-21 03:01:55'),
(92, '1', 'قام بحذف مشروع : الصمام الدائري العرض ٣', 'Delete project : LED Ring Display', '188.71.233.205', '2019-01-21 03:03:32', '2019-01-21 03:03:32'),
(93, '1', 'قام بحذف مشروع : الصمام الدائري العرض ٣', 'Delete project : LED Ring Display', '188.71.233.205', '2019-01-21 03:03:35', '2019-01-21 03:03:35'),
(94, '1', 'قام بحذف مشروع : الصمام الدائري العرض ٣', 'Delete project : LED Ring Display', '188.71.233.205', '2019-01-21 03:03:37', '2019-01-21 03:03:37'),
(95, '1', 'قام بحذف مشروع : الصمام الدائري العرض ٣', 'Delete project : LED Ring Display', '188.71.233.205', '2019-01-21 03:03:39', '2019-01-21 03:03:39'),
(96, '1', 'قام بإضافة مشروع جديدة : مشروع الإضاءات الخارجية لمباني مجمع البنوك 2017', 'Add a new project : decoration lighting for joint bank complex', '188.71.233.205', '2019-01-21 03:11:57', '2019-01-21 03:11:57'),
(97, '1', 'قام بإضافة مشروع جديدة : مشروع الإضاءات الخارجية لمباني مجمع البنوك 2017', 'Add a new project : decoration lighting for joint bank complex', '188.71.233.205', '2019-01-21 03:14:55', '2019-01-21 03:14:55'),
(98, '1', 'قام بحذف مشروع : مشروع الإضاءات الخارجية لمباني مجمع البنوك 2017', 'Delete project : decoration lighting for joint bank complex', '188.71.233.205', '2019-01-21 03:15:55', '2019-01-21 03:15:55'),
(99, '1', 'قام بتعديل مشروع حالية : مشروع الإضاءات الخارجية لمباني مجمع البنوك 2017', 'Edit current project : decoration lighting for joint bank complex', '188.71.233.205', '2019-01-21 03:16:14', '2019-01-21 03:16:14'),
(100, '1', 'قام بتعديل مشروع حالية : مشروع الإضاءات الخارجية لمباني مجمع البنوك 2017', 'Edit current project : decoration lighting for joint bank complex', '188.71.233.205', '2019-01-21 03:19:40', '2019-01-21 03:19:40'),
(101, '1', 'قام بتسجيل الدخول للوحة التحكم', 'Login to admin dashboard', '37.231.199.222', '2019-01-21 18:54:51', '2019-01-21 18:54:51'),
(102, '1', 'قام بالدخول للوحة التحكم', 'Go to admin dashboard', '37.231.199.222', '2019-01-21 18:54:51', '2019-01-21 18:54:51'),
(103, '1', 'قام بالدخول للوحة التحكم', 'Go to admin dashboard', '37.231.199.222', '2019-01-21 18:56:38', '2019-01-21 18:56:38'),
(104, '1', 'قام بالدخول للوحة التحكم', 'Go to admin dashboard', '37.231.199.222', '2019-01-21 19:11:23', '2019-01-21 19:11:23'),
(105, '1', 'قام بإضافة صورة جديدة : بلدية الكويت', 'Add a new gallery : kuwait municipality', '37.231.199.222', '2019-01-21 19:14:37', '2019-01-21 19:14:37'),
(106, '1', 'قام بالدخول للوحة التحكم', 'Go to admin dashboard', '37.231.199.222', '2019-01-21 19:21:22', '2019-01-21 19:21:22'),
(107, '1', 'قام بحذف صورة : بلدية الكويت', 'Delete gallery : kuwait municipality', '37.231.199.222', '2019-01-21 19:21:33', '2019-01-21 19:21:33'),
(108, '1', 'قام بإضافة صورة جديدة : بلدية الكويت', 'Add a new gallery : kuwait municipality', '37.231.199.222', '2019-01-21 19:22:04', '2019-01-21 19:22:04'),
(109, '1', 'قام بالدخول للوحة التحكم', 'Go to admin dashboard', '37.231.199.222', '2019-01-21 19:41:07', '2019-01-21 19:41:07'),
(110, '1', 'قام بتعديل بيانات الموقع', 'Edit site info', '37.231.199.222', '2019-01-21 19:54:36', '2019-01-21 19:54:36'),
(111, '1', 'قام بالدخول للوحة التحكم', 'Go to admin dashboard', '37.231.199.222', '2019-01-21 20:16:49', '2019-01-21 20:16:49'),
(112, '1', 'قام بالدخول للوحة التحكم', 'Go to admin dashboard', '37.231.199.222', '2019-01-21 20:28:48', '2019-01-21 20:28:48'),
(113, '1', 'قام بتسجيل الدخول للوحة التحكم', 'Login to admin dashboard', '::1', '2019-01-23 17:51:49', '2019-01-23 17:51:49'),
(114, '1', 'قام بالدخول للوحة التحكم', 'Go to admin dashboard', '::1', '2019-01-23 17:51:49', '2019-01-23 17:51:49'),
(115, '1', 'قام بالدخول للوحة التحكم', 'Go to admin dashboard', '::1', '2019-01-23 17:55:16', '2019-01-23 17:55:16'),
(116, '1', 'قام بتعديل محموعة مشرفين : الإدارة العليا', 'Edit admin group : Top Management', '::1', '2019-01-23 19:18:49', '2019-01-23 19:18:49'),
(117, '1', 'قام بإضافة قسم معرض صور جديد : قسم ١', 'Add a new gallery department : Department 1', '::1', '2019-01-23 19:20:04', '2019-01-23 19:20:04'),
(118, '1', 'قام بتعديل قسم معرض صور : قسم ١', 'Edit gallery dept : Department 1', '::1', '2019-01-23 19:20:13', '2019-01-23 19:20:13'),
(119, '1', 'قام بتعديل قسم معرض صور : قسم ١', 'Edit gallery dept : Department 1', '::1', '2019-01-23 19:20:37', '2019-01-23 19:20:37'),
(120, '1', 'قام بتعديل صورة : صورة تجربة', 'Edit gallery : Example Image', '::1', '2019-01-23 19:21:38', '2019-01-23 19:21:38'),
(121, '1', 'قام بتعديل صورة : صورة تجربة', 'Edit gallery : Example Image', '::1', '2019-01-23 19:23:15', '2019-01-23 19:23:15'),
(122, '1', 'قام بإضافة قسم معرض صور جديد : قسم ٢', 'Add a new gallery department : Department 2', '::1', '2019-01-23 19:23:34', '2019-01-23 19:23:34'),
(123, '1', 'قام بتعديل صورة : بروفايل', 'Edit gallery : profile', '::1', '2019-01-23 19:23:52', '2019-01-23 19:23:52'),
(124, '1', 'قام بتعديل صورة : بلدية الكويت', 'Edit gallery : kuwait municipality', '::1', '2019-01-23 19:24:01', '2019-01-23 19:24:01'),
(125, '1', 'قام بتعديل صورة : فيديو تجربة', 'Edit gallery : Example Video', '::1', '2019-01-23 19:24:09', '2019-01-23 19:24:09'),
(126, '1', 'قام بتسجيل الدخول للوحة التحكم', 'Login to admin dashboard', '94.129.143.154', '2019-02-14 00:29:09', '2019-02-14 00:29:09'),
(127, '1', 'قام بالدخول للوحة التحكم', 'Go to admin dashboard', '94.129.143.154', '2019-02-14 00:29:10', '2019-02-14 00:29:10'),
(128, '1', 'قام بالدخول للوحة التحكم', 'Go to admin dashboard', '94.129.143.154', '2019-02-14 00:46:17', '2019-02-14 00:46:17'),
(129, '1', 'قام بتعديل سليدر : بروفايل', 'Edit slider : profile', '94.129.143.154', '2019-02-14 00:57:24', '2019-02-14 00:57:24'),
(130, '1', 'قام بتعديل سليدر : صورة تجربة', 'Edit slider : Example Slider', '94.129.143.154', '2019-02-14 01:04:59', '2019-02-14 01:04:59'),
(131, '1', 'قام بتعديل سليدر : صورة تجربة', 'Edit slider : Example Slider', '94.129.143.154', '2019-02-14 01:13:26', '2019-02-14 01:13:26'),
(132, '1', 'قام بتعديل سليدر : صورة تجربة', 'Edit slider : Example Slider', '94.129.143.154', '2019-02-14 01:15:15', '2019-02-14 01:15:15'),
(133, '1', 'قام بتعديل سليدر : صورة تجربة', 'Edit slider : Example Slider', '94.129.143.154', '2019-02-14 01:18:25', '2019-02-14 01:18:25'),
(134, '1', 'قام بتعديل سليدر : صورة تجربة', 'Edit slider : Example Slider', '94.129.143.154', '2019-02-14 01:22:01', '2019-02-14 01:22:01'),
(135, '1', 'قام بتعديل سليدر : صورة تجربة', 'Edit slider : Example Slider', '94.129.143.154', '2019-02-14 01:23:40', '2019-02-14 01:23:40'),
(136, '1', 'قام بتعديل سليدر : صورة تجربة', 'Edit slider : Example Slider', '94.129.143.154', '2019-02-14 01:24:53', '2019-02-14 01:24:53'),
(137, '1', 'قام بتعديل سليدر : صورة تجربة', 'Edit slider : Example Slider', '94.129.143.154', '2019-02-14 01:26:13', '2019-02-14 01:26:13'),
(138, '1', 'قام بتعديل سليدر : صورة تجربة', 'Edit slider : Example Slider', '94.129.143.154', '2019-02-14 01:27:27', '2019-02-14 01:27:27'),
(139, '1', 'قام بتعديل سليدر : صورة تجربة', 'Edit slider : Example Slider', '94.129.143.154', '2019-02-14 01:31:06', '2019-02-14 01:31:06'),
(140, '1', 'قام بتعديل سليدر : صورة تجربة', 'Edit slider : Example Slider', '94.129.143.154', '2019-02-14 01:33:50', '2019-02-14 01:33:50'),
(141, '1', 'قام بتعديل سليدر : صورة تجربة', 'Edit slider : Example Slider', '94.129.143.154', '2019-02-14 01:35:25', '2019-02-14 01:35:25'),
(142, '1', 'قام بتعديل سليدر : صورة تجربة', 'Edit slider : Example Slider', '94.129.143.154', '2019-02-14 01:37:37', '2019-02-14 01:37:37'),
(143, '1', 'قام بتعديل سليدر : صورة تجربة', 'Edit slider : Example Slider', '94.129.143.154', '2019-02-14 01:39:54', '2019-02-14 01:39:54'),
(144, '1', 'قام بتعديل سليدر : صورة تجربة', 'Edit slider : Example Slider', '94.129.143.154', '2019-02-14 01:43:42', '2019-02-14 01:43:42'),
(145, '1', 'قام بتعديل سليدر : صورة تجربة', 'Edit slider : Example Slider', '94.129.143.154', '2019-02-14 01:46:11', '2019-02-14 01:46:11'),
(146, '1', 'قام بالدخول للوحة التحكم', 'Go to admin dashboard', '94.129.143.154', '2019-02-14 01:46:59', '2019-02-14 01:46:59'),
(147, '1', 'قام بالدخول للوحة التحكم', 'Go to admin dashboard', '94.129.143.154', '2019-02-14 01:48:48', '2019-02-14 01:48:48'),
(148, '1', 'قام بالدخول للوحة التحكم', 'Go to admin dashboard', '94.129.143.154', '2019-02-14 01:50:08', '2019-02-14 01:50:08'),
(149, '1', 'قام بالدخول للوحة التحكم', 'Go to admin dashboard', '94.129.143.154', '2019-02-14 01:50:11', '2019-02-14 01:50:11'),
(150, '1', 'قام بتسجيل الدخول للوحة التحكم', 'Login to admin dashboard', '37.231.213.24', '2019-02-16 03:13:07', '2019-02-16 03:13:07'),
(151, '1', 'قام بالدخول للوحة التحكم', 'Go to admin dashboard', '37.231.213.24', '2019-02-16 03:13:07', '2019-02-16 03:13:07'),
(152, '1', 'قام بتعديل سليدر : صورة تجربة', 'Edit slider : Example Slider', '37.231.213.24', '2019-02-16 03:21:23', '2019-02-16 03:21:23'),
(153, '1', 'قام بتعديل سليدر : صورة تجربة', 'Edit slider : Example Slider', '37.231.213.24', '2019-02-16 03:23:08', '2019-02-16 03:23:08'),
(154, '1', 'قام بتعديل سليدر : صورة تجربة', 'Edit slider : Example Slider', '37.231.213.24', '2019-02-16 03:23:08', '2019-02-16 03:23:08'),
(155, '1', 'قام بتعديل سليدر : بروفايل', 'Edit slider : profile', '37.231.213.24', '2019-02-16 03:24:35', '2019-02-16 03:24:35'),
(156, '1', 'قام بالدخول للوحة التحكم', 'Go to admin dashboard', '37.231.213.24', '2019-02-16 03:25:02', '2019-02-16 03:25:02'),
(157, '1', 'قام بتعديل بيانات الموقع', 'Edit site info', '37.231.213.24', '2019-02-16 03:29:05', '2019-02-16 03:29:05'),
(158, '1', 'قام بتعديل بيانات الموقع', 'Edit site info', '37.231.213.24', '2019-02-16 03:30:42', '2019-02-16 03:30:42'),
(159, '1', 'قام بتسجيل الدخول للوحة التحكم', 'Login to admin dashboard', '188.71.228.105', '2019-02-28 10:40:57', '2019-02-28 10:40:57'),
(160, '1', 'قام بالدخول للوحة التحكم', 'Go to admin dashboard', '188.71.228.105', '2019-02-28 10:40:57', '2019-02-28 10:40:57'),
(161, '1', 'قام بالدخول للوحة التحكم', 'Go to admin dashboard', '188.71.228.105', '2019-02-28 10:41:22', '2019-02-28 10:41:22'),
(162, '1', 'قام بالدخول للوحة التحكم', 'Go to admin dashboard', '188.71.228.105', '2019-02-28 10:42:07', '2019-02-28 10:42:07'),
(163, '1', 'قام بإضافة قسم معرض صور جديد : صور بلدية الكويت', 'Add a new gallery department : New', '188.71.228.105', '2019-02-28 10:44:38', '2019-02-28 10:44:38'),
(164, '1', 'قام بتسجيل الدخول للوحة التحكم', 'Login to admin dashboard', '94.128.183.30', '2019-02-28 13:02:13', '2019-02-28 13:02:13'),
(165, '1', 'قام بالدخول للوحة التحكم', 'Go to admin dashboard', '94.128.183.30', '2019-02-28 13:02:13', '2019-02-28 13:02:13'),
(166, '1', 'قام بالدخول للوحة التحكم', 'Go to admin dashboard', '94.128.183.30', '2019-02-28 13:02:19', '2019-02-28 13:02:19'),
(167, '1', 'قام بالدخول للوحة التحكم', 'Go to admin dashboard', '94.128.183.30', '2019-02-28 13:11:01', '2019-02-28 13:11:01'),
(168, '1', 'قام بالدخول للوحة التحكم', 'Go to admin dashboard', '94.129.75.115', '2019-02-28 14:18:02', '2019-02-28 14:18:02'),
(169, '1', 'قام بالدخول للوحة التحكم', 'Go to admin dashboard', '37.231.75.35', '2019-02-28 14:36:44', '2019-02-28 14:36:44'),
(170, '1', 'قام بالدخول للوحة التحكم', 'Go to admin dashboard', '37.231.75.35', '2019-02-28 14:38:44', '2019-02-28 14:38:44'),
(171, '1', 'قام بالدخول للوحة التحكم', 'Go to admin dashboard', '37.231.75.35', '2019-02-28 14:38:55', '2019-02-28 14:38:55'),
(172, '1', 'قام بتعديل قسم معرض صور : مشروع بلدية الكويت', 'Edit gallery dept : New', '37.231.75.35', '2019-02-28 14:41:53', '2019-02-28 14:41:53'),
(173, '1', 'قام بالدخول للوحة التحكم', 'Go to admin dashboard', '37.231.75.35', '2019-02-28 14:42:12', '2019-02-28 14:42:12'),
(174, '1', 'قام بإضافة صورة جديدة : بلدية الكويت', 'Add a new gallery : kuwait municipality', '37.231.75.35', '2019-02-28 14:43:56', '2019-02-28 14:43:56'),
(175, '1', 'قام بالدخول للوحة التحكم', 'Go to admin dashboard', '37.231.75.35', '2019-02-28 14:50:00', '2019-02-28 14:50:00'),
(176, '1', 'قام بالدخول للوحة التحكم', 'Go to admin dashboard', '37.34.233.127', '2019-02-28 17:17:26', '2019-02-28 17:17:26'),
(177, '1', 'قام بالدخول للوحة التحكم', 'Go to admin dashboard', '37.34.233.127', '2019-02-28 18:27:47', '2019-02-28 18:27:47'),
(178, '1', 'قام بتسجيل الدخول للوحة التحكم', 'Login to admin dashboard', '188.71.201.91', '2019-03-02 01:51:25', '2019-03-02 01:51:25'),
(179, '1', 'قام بالدخول للوحة التحكم', 'Go to admin dashboard', '188.71.201.91', '2019-03-02 01:51:25', '2019-03-02 01:51:25'),
(180, '1', 'قام بالدخول للوحة التحكم', 'Go to admin dashboard', '188.71.201.91', '2019-03-02 01:51:37', '2019-03-02 01:51:37'),
(181, '1', 'قام بالدخول للوحة التحكم', 'Go to admin dashboard', '188.71.201.91', '2019-03-02 01:55:14', '2019-03-02 01:55:14'),
(182, '1', 'قام بالدخول للوحة التحكم', 'Go to admin dashboard', '188.71.201.91', '2019-03-02 01:55:32', '2019-03-02 01:55:32'),
(183, '1', 'قام بالدخول للوحة التحكم', 'Go to admin dashboard', '188.71.201.91', '2019-03-02 01:56:22', '2019-03-02 01:56:22'),
(184, '1', 'قام بالدخول للوحة التحكم', 'Go to admin dashboard', '188.71.236.139', '2019-03-02 13:25:38', '2019-03-02 13:25:38'),
(185, '1', 'قام بتسجيل الدخول للوحة التحكم', 'Login to admin dashboard', '188.71.209.174', '2019-03-07 14:48:23', '2019-03-07 14:48:23'),
(186, '1', 'قام بتسجيل الدخول للوحة التحكم', 'Login to admin dashboard', '188.71.209.174', '2019-03-07 14:48:47', '2019-03-07 14:48:47'),
(187, '1', 'قام بالدخول للوحة التحكم', 'Go to admin dashboard', '188.71.209.174', '2019-03-07 14:48:47', '2019-03-07 14:48:47'),
(188, '1', 'قام بالدخول للوحة التحكم', 'Go to admin dashboard', '188.71.209.174', '2019-03-07 14:49:08', '2019-03-07 14:49:08'),
(189, '1', 'قام بالدخول للوحة التحكم', 'Go to admin dashboard', '188.71.209.174', '2019-03-07 14:53:30', '2019-03-07 14:53:30'),
(190, '1', 'قام بتسجيل الدخول للوحة التحكم', 'Login to admin dashboard', '188.70.33.94', '2019-03-11 09:41:46', '2019-03-11 09:41:46'),
(191, '1', 'قام بالدخول للوحة التحكم', 'Go to admin dashboard', '188.70.33.94', '2019-03-11 09:41:46', '2019-03-11 09:41:46'),
(192, '1', 'قام بالدخول للوحة التحكم', 'Go to admin dashboard', '37.34.228.180', '2019-03-11 13:15:22', '2019-03-11 13:15:22'),
(193, '1', 'قام بتسجيل الدخول للوحة التحكم', 'Login to admin dashboard', '156.205.146.106', '2019-03-11 16:01:18', '2019-03-11 16:01:18'),
(194, '1', 'قام بالدخول للوحة التحكم', 'Go to admin dashboard', '156.205.146.106', '2019-03-11 16:01:18', '2019-03-11 16:01:18'),
(195, '1', 'قام بالدخول للوحة التحكم', 'Go to admin dashboard', '156.205.146.106', '2019-03-11 16:01:45', '2019-03-11 16:01:45'),
(196, '1', 'قام بالدخول للوحة التحكم', 'Go to admin dashboard', '156.205.146.106', '2019-03-11 16:02:06', '2019-03-11 16:02:06'),
(197, '1', 'قام بالدخول للوحة التحكم', 'Go to admin dashboard', '156.205.146.106', '2019-03-11 16:04:12', '2019-03-11 16:04:12'),
(198, '1', 'قام بالدخول للوحة التحكم', 'Go to admin dashboard', '156.205.146.106', '2019-03-11 16:06:04', '2019-03-11 16:06:04'),
(199, '1', 'قام بالدخول للوحة التحكم', 'Go to admin dashboard', '156.205.146.106', '2019-03-11 16:06:26', '2019-03-11 16:06:26'),
(200, '1', 'قام بتسجيل الدخول للوحة التحكم', 'Login to admin dashboard', '188.71.242.218', '2019-03-12 09:34:35', '2019-03-12 09:34:35'),
(201, '1', 'قام بالدخول للوحة التحكم', 'Go to admin dashboard', '188.71.242.218', '2019-03-12 09:34:35', '2019-03-12 09:34:35'),
(202, '1', 'قام بالدخول للوحة التحكم', 'Go to admin dashboard', '188.71.242.218', '2019-03-12 09:34:58', '2019-03-12 09:34:58'),
(203, '1', 'قام بالدخول للوحة التحكم', 'Go to admin dashboard', '188.71.242.218', '2019-03-12 09:35:02', '2019-03-12 09:35:02'),
(204, '1', 'قام بالدخول للوحة التحكم', 'Go to admin dashboard', '188.71.242.218', '2019-03-12 09:46:09', '2019-03-12 09:46:09'),
(205, '1', 'قام بتسجيل الدخول للوحة التحكم', 'Login to admin dashboard', '37.231.23.113', '2019-03-17 16:10:42', '2019-03-17 16:10:42'),
(206, '1', 'قام بالدخول للوحة التحكم', 'Go to admin dashboard', '37.231.23.113', '2019-03-17 16:10:44', '2019-03-17 16:10:44'),
(207, '1', 'قام بالدخول للوحة التحكم', 'Go to admin dashboard', '37.231.23.113', '2019-03-17 16:10:51', '2019-03-17 16:10:51'),
(208, '1', 'قام بتسجيل الدخول للوحة التحكم', 'Login to admin dashboard', '94.128.71.196', '2019-03-23 15:06:56', '2019-03-23 15:06:56'),
(209, '1', 'قام بالدخول للوحة التحكم', 'Go to admin dashboard', '94.128.71.196', '2019-03-23 15:06:56', '2019-03-23 15:06:56'),
(210, '1', 'قام بالدخول للوحة التحكم', 'Go to admin dashboard', '94.128.71.196', '2019-03-23 16:05:06', '2019-03-23 16:05:06'),
(211, '1', 'قام بتسجيل الدخول للوحة التحكم', 'Login to admin dashboard', '37.34.233.127', '2019-03-24 09:21:43', '2019-03-24 09:21:43'),
(212, '1', 'قام بالدخول للوحة التحكم', 'Go to admin dashboard', '37.34.233.127', '2019-03-24 09:21:43', '2019-03-24 09:21:43'),
(213, '1', 'قام بالدخول للوحة التحكم', 'Go to admin dashboard', '37.34.233.127', '2019-03-24 09:21:51', '2019-03-24 09:21:51'),
(214, '1', 'قام بتعديل بيانات الموقع', 'Edit site info', '37.34.233.127', '2019-03-24 09:35:53', '2019-03-24 09:35:53'),
(215, '1', 'قام بتعديل بيانات الموقع', 'Edit site info', '37.34.233.127', '2019-03-24 09:36:01', '2019-03-24 09:36:01'),
(216, '1', 'قام بالدخول للوحة التحكم', 'Go to admin dashboard', '37.34.228.180', '2019-03-24 09:39:15', '2019-03-24 09:39:15'),
(217, '1', 'قام بالدخول للوحة التحكم', 'Go to admin dashboard', '37.34.228.180', '2019-03-24 09:39:34', '2019-03-24 09:39:34'),
(218, '1', 'قام بالدخول للوحة التحكم', 'Go to admin dashboard', '188.71.249.247', '2019-03-24 09:47:59', '2019-03-24 09:47:59'),
(219, '1', 'قام بحذف رسالة إتصل بنا : Ahmed Kamal', 'Delete contact message : Ahmed Kamal', '188.71.249.247', '2019-03-24 09:48:38', '2019-03-24 09:48:38'),
(220, '1', 'قام بتعديل تصنيف منتجات حالي : شاشات العرض الخارجيه', 'Edit a current products category : scrreens', '188.70.1.248', '2019-03-24 10:02:09', '2019-03-24 10:02:09'),
(221, '1', 'قام بتعديل تصنيف منتجات حالي : شاشات العرض الداخليه', 'Edit a current products category : screens in dour', '37.34.233.127', '2019-03-24 10:05:51', '2019-03-24 10:05:51'),
(222, '1', 'قام بتعديل مشروع حالية : مشروع الإضاءات الخارجية لمباني مجمع البنوك 2017', 'Edit current project : decoration lighting for joint bank complex', '37.34.233.127', '2019-03-24 10:07:55', '2019-03-24 10:07:55'),
(223, '1', 'قام بالدخول للوحة التحكم', 'Go to admin dashboard', '188.70.1.248', '2019-03-24 10:28:50', '2019-03-24 10:28:50'),
(224, '1', 'قام بتعديل خبر حالي : خبر جديد', 'Edit current news : Last News', '188.70.1.248', '2019-03-24 10:31:26', '2019-03-24 10:31:26'),
(225, '1', 'قام بحذف خبر : خبر جديد', 'Delete news : Last News', '188.70.1.248', '2019-03-24 10:32:11', '2019-03-24 10:32:11'),
(226, '1', 'قام بالدخول للوحة التحكم', 'Go to admin dashboard', '188.70.1.248', '2019-03-24 10:32:26', '2019-03-24 10:32:26'),
(227, '1', 'قام بالدخول للوحة التحكم', 'Go to admin dashboard', '188.70.1.248', '2019-03-24 10:33:05', '2019-03-24 10:33:05'),
(228, '1', 'قام بإضافة سليدر جديد : السلام مول', 'Add a new slider : led', '37.34.233.127', '2019-03-24 10:35:31', '2019-03-24 10:35:31'),
(229, '1', 'قام بتعديل سليدر : صورة تجربة', 'Edit slider : Example Slider', '188.70.1.248', '2019-03-24 10:38:49', '2019-03-24 10:38:49'),
(230, '1', 'قام بحذف سليدر : بروفايل', 'Delete slider : profile', '37.34.233.127', '2019-03-24 10:56:52', '2019-03-24 10:56:52'),
(231, '1', 'قام بحذف سليدر : صورة تجربة', 'Delete slider : Example Slider', '37.34.233.127', '2019-03-24 10:57:05', '2019-03-24 10:57:05'),
(232, '1', 'قام بحذف سليدر : صورة تجربة', 'Delete slider : Example Slider', '37.34.233.127', '2019-03-24 10:57:23', '2019-03-24 10:57:23'),
(233, '1', 'قام بتعديل سليدر : بلديه الكويت', 'Edit slider : led', '37.34.233.127', '2019-03-24 10:58:38', '2019-03-24 10:58:38'),
(234, '1', 'قام بتسجيل الدخول للوحة التحكم', 'Login to admin dashboard', '188.70.1.248', '2019-03-24 15:06:21', '2019-03-24 15:06:21'),
(235, '1', 'قام بالدخول للوحة التحكم', 'Go to admin dashboard', '188.70.1.248', '2019-03-24 15:06:22', '2019-03-24 15:06:22'),
(236, '1', 'قام بالدخول للوحة التحكم', 'Go to admin dashboard', '188.70.1.248', '2019-03-24 15:06:26', '2019-03-24 15:06:26'),
(237, '1', 'قام بالدخول للوحة التحكم', 'Go to admin dashboard', '188.70.1.248', '2019-03-24 15:07:21', '2019-03-24 15:07:21'),
(238, '1', 'قام بالدخول للوحة التحكم', 'Go to admin dashboard', '188.71.221.190', '2019-03-31 14:43:59', '2019-03-31 14:43:59'),
(239, '1', 'قام بالدخول للوحة التحكم', 'Go to admin dashboard', '188.71.221.190', '2019-03-31 14:44:06', '2019-03-31 14:44:06'),
(240, '1', 'قام بتعديل بيانات الموقع', 'Edit site info', '37.34.228.180', '2019-03-31 14:46:21', '2019-03-31 14:46:21'),
(241, '1', 'قام بالدخول للوحة التحكم', 'Go to admin dashboard', '37.34.228.180', '2019-03-31 14:46:33', '2019-03-31 14:46:33'),
(242, '1', 'قام بالدخول للوحة التحكم', 'Go to admin dashboard', '37.34.233.127', '2019-03-31 14:52:42', '2019-03-31 14:52:42'),
(243, '1', 'قام بالدخول للوحة التحكم', 'Go to admin dashboard', '37.34.233.127', '2019-03-31 14:52:43', '2019-03-31 14:52:43'),
(244, '1', 'قام بتعديل مشروع حالية : مشروع الإضاءات الخارجية لمباني مجمع البنوك 2018', 'Edit current project : decoration lighting for joint bank complex', '188.71.221.190', '2019-03-31 15:08:29', '2019-03-31 15:08:29'),
(245, '1', 'قام بالدخول للوحة التحكم', 'Go to admin dashboard', '188.71.231.242', '2019-04-02 11:54:37', '2019-04-02 11:54:37'),
(246, '1', 'قام بالدخول للوحة التحكم', 'Go to admin dashboard', '188.71.231.242', '2019-04-02 11:54:50', '2019-04-02 11:54:50'),
(247, '1', 'قام بتعديل صورة : بلدية الكويت', 'Edit gallery : kuwait municipality', '37.34.233.127', '2019-04-02 12:37:04', '2019-04-02 12:37:04'),
(248, '1', 'قام بالدخول للوحة التحكم', 'Go to admin dashboard', '37.34.233.127', '2019-04-02 16:38:58', '2019-04-02 16:38:58'),
(249, '1', 'قام بالدخول للوحة التحكم', 'Go to admin dashboard', '37.34.233.127', '2019-04-02 16:39:07', '2019-04-02 16:39:07'),
(250, '1', 'قام بالدخول للوحة التحكم', 'Go to admin dashboard', '188.71.231.242', '2019-04-02 16:56:11', '2019-04-02 16:56:11'),
(251, '1', 'قام بتعديل خبر حالي : خبر جديد', 'Edit current news : Last News', '188.71.221.190', '2019-04-02 16:59:22', '2019-04-02 16:59:22'),
(252, '1', 'قام بتعديل خبر حالي : خبر جديد', 'Edit current news : Last News', '188.71.221.190', '2019-04-02 16:59:43', '2019-04-02 16:59:43'),
(253, '1', 'قام بالدخول للوحة التحكم', 'Go to admin dashboard', '37.34.228.180', '2019-04-03 11:04:34', '2019-04-03 11:04:34'),
(254, '1', 'قام بالدخول للوحة التحكم', 'Go to admin dashboard', '37.34.228.180', '2019-04-03 11:04:38', '2019-04-03 11:04:38'),
(255, '1', 'قام بإضافة مجموعة مشرفين جديدة : مشرف عام', 'Add a new admin group : ريهام', '37.34.233.127', '2019-04-03 11:07:03', '2019-04-03 11:07:03'),
(256, '1', 'قام بالدخول للوحة التحكم', 'Go to admin dashboard', '188.71.231.242', '2019-04-03 11:16:44', '2019-04-03 11:16:44'),
(257, '1', 'قام بالدخول للوحة التحكم', 'Go to admin dashboard', '188.71.231.242', '2019-04-03 11:16:45', '2019-04-03 11:16:45'),
(258, '1', 'قام بتعديل بيانات موظف : essam elasser', 'Edit employee information : essam elasser', '37.34.228.180', '2019-04-03 12:07:31', '2019-04-03 12:07:31'),
(259, '1', 'قام بالدخول للوحة التحكم', 'Go to admin dashboard', '37.34.228.180', '2019-04-04 11:41:46', '2019-04-04 11:41:46'),
(260, '1', 'قام بالدخول للوحة التحكم', 'Go to admin dashboard', '37.34.228.180', '2019-04-04 11:41:52', '2019-04-04 11:41:52'),
(261, '1', 'قام بتسجيل الدخول للوحة التحكم', 'Login to admin dashboard', '188.70.43.120', '2019-04-18 13:27:52', '2019-04-18 13:27:52'),
(262, '1', 'قام بالدخول للوحة التحكم', 'Go to admin dashboard', '188.70.43.120', '2019-04-18 13:27:52', '2019-04-18 13:27:52'),
(263, '1', 'قام بتسجيل الدخول للوحة التحكم', 'Login to admin dashboard', '94.128.70.73', '2019-04-18 13:28:11', '2019-04-18 13:28:11'),
(264, '1', 'قام بالدخول للوحة التحكم', 'Go to admin dashboard', '94.128.70.73', '2019-04-18 13:28:11', '2019-04-18 13:28:11'),
(265, '1', 'قام بالدخول للوحة التحكم', 'Go to admin dashboard', '188.71.231.242', '2019-04-18 15:26:09', '2019-04-18 15:26:09'),
(266, '1', 'قام بالدخول للوحة التحكم', 'Go to admin dashboard', '188.71.231.242', '2019-04-18 15:26:26', '2019-04-18 15:26:26'),
(267, '1', 'قام بالدخول للوحة التحكم', 'Go to admin dashboard', '188.71.231.242', '2019-04-18 15:27:39', '2019-04-18 15:27:39'),
(268, '1', 'قام بتعديل صفحة : من نحن', 'Edit page : About Us', '188.71.231.242', '2019-04-18 15:34:19', '2019-04-18 15:34:19'),
(269, '1', 'قام بتعديل صفحة : من نحن', 'Edit page : About Us', '188.71.231.242', '2019-04-18 15:35:24', '2019-04-18 15:35:24'),
(270, '1', 'قام بتعديل بيانات الموقع', 'Edit site info', '37.34.228.180', '2019-04-18 15:49:57', '2019-04-18 15:49:57'),
(271, '1', 'قام بالدخول للوحة التحكم', 'Go to admin dashboard', '37.34.228.180', '2019-04-18 15:50:11', '2019-04-18 15:50:11'),
(272, '1', 'قام بحذف خدمة : عميل تجربة ٥', 'Delete client : Example Client 5', '37.34.228.180', '2019-04-18 15:51:50', '2019-04-18 15:51:50'),
(273, '1', 'قام بحذف خدمة : عميل تجربة ٢', 'Delete client : Example Client 2', '37.34.228.180', '2019-04-18 15:51:52', '2019-04-18 15:51:52'),
(274, '1', 'قام بحذف خدمة : عميل تجربة ٤', 'Delete client : Example Client 4', '37.34.228.180', '2019-04-18 15:51:52', '2019-04-18 15:51:52'),
(275, '1', 'قام بحذف خدمة : عميل تجربة ١', 'Delete client : Example Client 1', '37.34.228.180', '2019-04-18 15:51:53', '2019-04-18 15:51:53'),
(276, '1', 'قام بتعديل خدمة حالية : السلام مول', 'Edit current client : Al-Salam Mall', '188.70.43.120', '2019-04-18 16:25:12', '2019-04-18 16:25:12'),
(277, '1', 'قام بإضافة خدمة جديدة : مجمع البنوك الكويت', 'Add a new client : Joint Banks Complex Kuwait City, Kuwait', '37.34.233.127', '2019-04-18 16:28:46', '2019-04-18 16:28:46'),
(278, '1', 'قام بإضافة خدمة جديدة : بلدية الكويت', 'Add a new client : Kuwait Municipality', '37.34.233.127', '2019-04-18 16:29:37', '2019-04-18 16:29:37'),
(279, '1', 'قام بإضافة خدمة جديدة : رمال مول', 'Add a new client : Remal mall', '37.34.233.127', '2019-04-18 16:30:43', '2019-04-18 16:30:43'),
(280, '1', 'قام بإضافة خدمة جديدة : مطار الكويت الدولي', 'Add a new client : Kuwait International Airport', '37.34.233.127', '2019-04-18 16:31:02', '2019-04-18 16:31:02'),
(281, '1', 'قام بتعديل خدمة حالية : مطار الكويت الدولي', 'Edit current client : Kuwait International Airport', '37.34.233.127', '2019-04-18 16:32:52', '2019-04-18 16:32:52'),
(282, '1', 'قام بإضافة خدمة جديدة : فندق كويت كونتنينتال', 'Add a new client : Kuwait Continental Hotel', '37.34.233.127', '2019-04-18 16:33:48', '2019-04-18 16:33:48'),
(283, '1', 'قام بإضافة خدمة جديدة : مركز الجار الله الألماني التخصصي', 'Add a new client : AL jarallah german clinic', '188.71.231.242', '2019-04-18 16:35:12', '2019-04-18 16:35:12'),
(284, '1', 'قام بحذف سليدر : بلديه الكويت', 'Delete slider : led', '188.71.231.242', '2019-04-18 16:37:24', '2019-04-18 16:37:24'),
(285, '1', 'قام بإضافة سليدر جديد : بلدية الكويت', 'Add a new slider : Kuwait Municipality', '188.71.231.242', '2019-04-18 16:39:20', '2019-04-18 16:39:20'),
(286, '1', 'قام بحذف سليدر : بلدية الكويت', 'Delete slider : Kuwait Municipality', '188.71.231.242', '2019-04-18 16:39:37', '2019-04-18 16:39:37'),
(287, '1', 'قام بإضافة سليدر جديد : بلدية الكويت', 'Add a new slider : Kuwait Municipality', '188.71.231.242', '2019-04-18 16:40:29', '2019-04-18 16:40:29'),
(288, '1', 'قام بحذف مشروع : مشروع الإضاءات الخارجية لمباني مجمع البنوك 2018', 'Delete project : decoration lighting for joint bank complex', '188.71.231.242', '2019-04-18 16:42:10', '2019-04-18 16:42:10'),
(289, '1', 'قام بإضافة مشروع جديدة : بلدية الكويت', 'Add a new project : Kuwait Municipality', '37.34.233.127', '2019-04-18 16:45:23', '2019-04-18 16:45:23'),
(290, '1', 'قام بإضافة مشروع جديدة : مجمع البنوك الكويت', 'Add a new project : Joint Banks Complex Kuwait City, Kuwait', '37.34.233.127', '2019-04-18 16:46:38', '2019-04-18 16:46:38'),
(291, '1', 'قام بإضافة مشروع جديدة : مركز الجار الله الألماني التخصصي', 'Add a new project : AL jarallah german clinic', '37.34.233.127', '2019-04-18 16:47:39', '2019-04-18 16:47:39'),
(292, '1', 'قام بإضافة مشروع جديدة : مطار الكويت الدولي', 'Add a new project : Kuwait International Airport', '37.34.233.127', '2019-04-18 16:48:52', '2019-04-18 16:48:52'),
(293, '1', 'قام بإضافة مشروع جديدة : مجمع القاهرة', 'Add a new project : Cairo Complex', '37.34.233.127', '2019-04-18 16:50:03', '2019-04-18 16:50:03'),
(294, '1', 'قام بإضافة مشروع جديدة : فندق كويت كونتنينتال', 'Add a new project : Kuwait Continental Hotel', '37.34.233.127', '2019-04-18 16:52:17', '2019-04-18 16:52:17'),
(295, '1', 'قام بإضافة مشروع جديدة : فندق كونتنينتال سويت', 'Add a new project : Continental Suite', '188.71.231.242', '2019-04-18 16:56:22', '2019-04-18 16:56:22'),
(296, '1', 'قام بإضافة مشروع جديدة : سوق شرق', 'Add a new project : Sharq Market', '188.71.231.242', '2019-04-18 16:57:23', '2019-04-18 16:57:23'),
(297, '1', 'قام بإضافة مشروع جديدة : رمال مول', 'Add a new project : Remal mall', '188.71.231.242', '2019-04-18 16:58:13', '2019-04-18 16:58:13'),
(298, '1', 'قام بحذف خبر : خبر جديد', 'Delete news : Last News', '188.71.231.242', '2019-04-18 16:58:42', '2019-04-18 16:58:42'),
(299, '1', 'قام بحذف خبر : خبر جديد', 'Delete news : Last News', '188.71.231.242', '2019-04-18 16:58:48', '2019-04-18 16:58:48'),
(300, '1', 'قام بتسجيل الخرج من لوحة التحكم', 'Logout from admin dashboard', '37.34.228.180', '2019-04-18 17:05:23', '2019-04-18 17:05:23'),
(301, '1', 'قام بتسجيل الدخول للوحة التحكم', 'Login to admin dashboard', '188.71.213.125', '2019-04-20 09:59:51', '2019-04-20 09:59:51'),
(302, '1', 'قام بالدخول للوحة التحكم', 'Go to admin dashboard', '188.71.213.125', '2019-04-20 09:59:52', '2019-04-20 09:59:52'),
(303, '1', 'قام بحذف صورة : فيديو تجربة', 'Delete gallery : Example Video', '188.71.213.125', '2019-04-20 10:01:07', '2019-04-20 10:01:07'),
(304, '1', 'قام بحذف صورة : بلدية الكويت', 'Delete gallery : kuwait municipality', '188.71.213.125', '2019-04-20 10:01:12', '2019-04-20 10:01:12'),
(305, '1', 'قام بالدخول للوحة التحكم', 'Go to admin dashboard', '188.71.213.125', '2019-04-20 10:09:44', '2019-04-20 10:09:44'),
(306, '1', 'قام بتعديل بيانات الموقع', 'Edit site info', '188.71.231.242', '2019-04-20 10:24:35', '2019-04-20 10:24:35'),
(307, '1', 'قام بتعديل بيانات الموقع', 'Edit site info', '188.71.231.242', '2019-04-20 10:34:39', '2019-04-20 10:34:39'),
(308, '1', 'قام بتعديل بيانات الموقع', 'Edit site info', '188.71.231.242', '2019-04-20 10:35:15', '2019-04-20 10:35:15'),
(309, '1', 'قام بتعديل بيانات الموقع', 'Edit site info', '37.34.233.127', '2019-04-20 11:34:40', '2019-04-20 11:34:40'),
(310, '1', 'قام بتعديل بيانات الموقع', 'Edit site info', '37.34.233.127', '2019-04-20 11:36:24', '2019-04-20 11:36:24'),
(311, '1', 'قام بتعديل بيانات الموقع', 'Edit site info', '37.34.228.180', '2019-04-20 11:43:10', '2019-04-20 11:43:10'),
(312, '1', 'قام بتعديل بيانات الموقع', 'Edit site info', '37.34.228.180', '2019-04-20 11:44:14', '2019-04-20 11:44:14'),
(313, '1', 'قام بتعديل بيانات الموقع', 'Edit site info', '37.34.228.180', '2019-04-20 11:47:52', '2019-04-20 11:47:52'),
(314, '1', 'قام بتعديل بيانات الموقع', 'Edit site info', '37.34.228.180', '2019-04-20 11:50:24', '2019-04-20 11:50:24'),
(315, '1', 'قام بتعديل بيانات الموقع', 'Edit site info', '37.34.228.180', '2019-04-20 11:51:29', '2019-04-20 11:51:29'),
(316, '1', 'قام بتعديل بيانات الموقع', 'Edit site info', '188.71.231.242', '2019-04-20 11:56:36', '2019-04-20 11:56:36'),
(317, '1', 'قام بتعديل صفحة : من نحن', 'Edit page : About Us', '37.34.233.127', '2019-04-20 12:04:10', '2019-04-20 12:04:10'),
(318, '1', 'قام بتعديل صفحة : مميزاتنا', 'Edit page : Our Features', '37.34.233.127', '2019-04-20 12:05:42', '2019-04-20 12:05:42'),
(319, '1', 'قام بحذف قسم معرض صور : قسم ١', 'Delete gallery dept : Department 1', '37.34.228.180', '2019-04-20 12:08:43', '2019-04-20 12:08:43'),
(320, '1', 'قام بحذف قسم معرض صور : قسم ٢', 'Delete gallery dept : Department 2', '37.34.228.180', '2019-04-20 12:08:53', '2019-04-20 12:08:53'),
(321, '1', 'قام بتعديل قسم معرض صور : مشروع بلدية الكويت', 'Edit gallery dept : New', '188.71.231.242', '2019-04-20 12:16:48', '2019-04-20 12:16:48'),
(322, '1', 'قام بتعديل قسم معرض صور : مشروع بلدية الكويت', 'Edit gallery dept : Kuwait Municipality', '188.71.231.242', '2019-04-20 12:18:16', '2019-04-20 12:18:16'),
(323, '1', 'قام بالدخول للوحة التحكم', 'Go to admin dashboard', '188.71.213.125', '2019-04-20 13:46:27', '2019-04-20 13:46:27'),
(324, '1', 'قام بالدخول للوحة التحكم', 'Go to admin dashboard', '37.34.233.127', '2019-04-20 13:59:40', '2019-04-20 13:59:40'),
(325, '1', 'قام بالدخول للوحة التحكم', 'Go to admin dashboard', '188.71.231.242', '2019-04-20 14:03:19', '2019-04-20 14:03:19'),
(326, '1', 'قام بتسجيل الدخول للوحة التحكم', 'Login to admin dashboard', '188.71.231.242', '2019-04-20 14:26:09', '2019-04-20 14:26:09'),
(327, '1', 'قام بالدخول للوحة التحكم', 'Go to admin dashboard', '188.71.231.242', '2019-04-20 14:26:10', '2019-04-20 14:26:10'),
(328, '1', 'قام بالدخول للوحة التحكم', 'Go to admin dashboard', '188.71.231.242', '2019-04-20 14:28:16', '2019-04-20 14:28:16'),
(329, '1', 'قام بالدخول للوحة التحكم', 'Go to admin dashboard', '188.71.231.242', '2019-04-20 14:28:17', '2019-04-20 14:28:17'),
(330, '1', 'قام بالدخول للوحة التحكم', 'Go to admin dashboard', '37.34.233.127', '2019-04-20 14:45:06', '2019-04-20 14:45:06'),
(331, '1', 'قام بالدخول للوحة التحكم', 'Go to admin dashboard', '37.34.228.180', '2019-04-20 15:20:43', '2019-04-20 15:20:43'),
(332, '1', 'قام بالدخول للوحة التحكم', 'Go to admin dashboard', '37.34.228.180', '2019-04-20 15:21:35', '2019-04-20 15:21:35'),
(333, '1', 'قام بتعديل صفحة : من نحن', 'Edit page : About Us', '188.71.231.242', '2019-04-20 15:49:40', '2019-04-20 15:49:40'),
(334, '1', 'قام بتعديل صفحة : من نحن', 'Edit page : About Us', '37.34.233.127', '2019-04-20 15:56:57', '2019-04-20 15:56:57'),
(335, '1', 'قام بتعديل صفحة : من نحن', 'Edit page : About Us', '37.34.233.127', '2019-04-20 15:57:19', '2019-04-20 15:57:19'),
(336, '1', 'قام بتعديل صفحة : من نحن', 'Edit page : About Us', '37.34.233.127', '2019-04-20 15:57:27', '2019-04-20 15:57:27'),
(337, '1', 'قام بتسجيل الخرج من لوحة التحكم', 'Logout from admin dashboard', '37.34.233.127', '2019-04-20 15:59:43', '2019-04-20 15:59:43'),
(338, '1', 'قام بتسجيل الدخول للوحة التحكم', 'Login to admin dashboard', '37.34.233.127', '2019-04-20 15:59:50', '2019-04-20 15:59:50'),
(339, '1', 'قام بالدخول للوحة التحكم', 'Go to admin dashboard', '37.34.233.127', '2019-04-20 15:59:50', '2019-04-20 15:59:50'),
(340, '1', 'قام بالدخول للوحة التحكم', 'Go to admin dashboard', '37.34.233.127', '2019-04-20 16:00:12', '2019-04-20 16:00:12'),
(341, '1', 'قام بالدخول للوحة التحكم', 'Go to admin dashboard', '37.34.233.127', '2019-04-20 16:00:43', '2019-04-20 16:00:43'),
(342, '1', 'قام بتسجيل الدخول للوحة التحكم', 'Login to admin dashboard', '37.34.233.127', '2019-04-21 09:11:49', '2019-04-21 09:11:49'),
(343, '1', 'قام بالدخول للوحة التحكم', 'Go to admin dashboard', '37.34.233.127', '2019-04-21 09:11:49', '2019-04-21 09:11:49'),
(344, '1', 'قام بالدخول للوحة التحكم', 'Go to admin dashboard', '188.71.213.125', '2019-04-21 09:45:28', '2019-04-21 09:45:28'),
(345, '1', 'قام بالدخول للوحة التحكم', 'Go to admin dashboard', '37.34.233.127', '2019-04-21 10:58:41', '2019-04-21 10:58:41'),
(346, '1', 'قام بتعديل سليدر : السلام مول', 'Edit slider : led', '37.34.233.127', '2019-04-21 14:55:17', '2019-04-21 14:55:17'),
(347, '1', 'قام بتعديل سليدر : بلدية الكويت', 'Edit slider : Kuwait Municipality', '37.34.233.127', '2019-04-21 14:57:14', '2019-04-21 14:57:14'),
(348, '1', 'قام بتعديل سليدر : السلام مول', 'Edit slider : led', '37.34.233.127', '2019-04-21 14:59:07', '2019-04-21 14:59:07'),
(349, '1', 'قام بحذف سليدر : السلام مول', 'Delete slider : led', '37.34.233.127', '2019-04-21 15:00:41', '2019-04-21 15:00:41'),
(350, '1', 'قام بتعديل سليدر : بلدية الكويت', 'Edit slider : Kuwait Municipality', '37.34.233.127', '2019-04-21 15:00:54', '2019-04-21 15:00:54'),
(351, '1', 'قام بتعديل سليدر : بلدية الكويت', 'Edit slider : Kuwait Municipality', '37.34.233.127', '2019-04-21 15:03:09', '2019-04-21 15:03:09'),
(352, '1', 'قام بتعديل سليدر : بلدية الكويت', 'Edit slider : Kuwait Municipality', '37.34.233.127', '2019-04-21 15:05:55', '2019-04-21 15:05:55'),
(353, '1', 'قام بحذف سليدر : بلدية الكويت', 'Delete slider : Kuwait Municipality', '37.34.233.127', '2019-04-21 15:07:53', '2019-04-21 15:07:53'),
(354, '1', 'قام بإضافة سليدر جديد : بلدية الكويت', 'Add a new slider : Kuwait Municipality', '37.34.233.127', '2019-04-21 15:08:11', '2019-04-21 15:08:11'),
(355, '1', 'قام بتعديل سليدر : بلدية الكويت', 'Edit slider : Kuwait Municipality', '37.34.233.127', '2019-04-21 15:10:46', '2019-04-21 15:10:46'),
(356, '1', 'قام بتعديل سليدر : بلدية الكويت', 'Edit slider : Kuwait Municipality', '37.34.233.127', '2019-04-21 15:12:22', '2019-04-21 15:12:22'),
(357, '1', 'قام بتعديل سليدر : بلدية الكويت', 'Edit slider : Kuwait Municipality', '188.71.231.242', '2019-04-21 15:16:22', '2019-04-21 15:16:22'),
(358, '1', 'قام بتعديل سليدر : بلدية الكويت', 'Edit slider : Kuwait Municipality', '188.71.213.125', '2019-04-21 15:21:30', '2019-04-21 15:21:30'),
(359, '1', 'قام بإضافة سليدر جديد : مركز الجار الله الألماني التخصصي', 'Add a new slider : AL jarallah german clinic', '188.71.231.242', '2019-04-21 15:25:09', '2019-04-21 15:25:09'),
(360, '1', 'قام بالدخول للوحة التحكم', 'Go to admin dashboard', '37.34.233.127', '2019-04-21 15:31:32', '2019-04-21 15:31:32'),
(361, '1', 'قام بالدخول للوحة التحكم', 'Go to admin dashboard', '37.34.233.127', '2019-04-21 15:31:44', '2019-04-21 15:31:44'),
(362, '1', 'قام بالدخول للوحة التحكم', 'Go to admin dashboard', '37.34.233.127', '2019-04-21 15:33:55', '2019-04-21 15:33:55'),
(363, '1', 'قام بتعديل سليدر : مركز الجار الله الألماني التخصصي', 'Edit slider : AL jarallah german clinic', '37.34.233.127', '2019-04-21 15:35:30', '2019-04-21 15:35:30');
INSERT INTO `actions` (`id`, `user_id`, `ar_action`, `en_action`, `ip`, `created_at`, `updated_at`) VALUES
(364, '1', 'قام بإضافة سليدر جديد : صورة تجربة', 'Add a new slider : Example Slider', '37.34.233.127', '2019-04-21 15:37:22', '2019-04-21 15:37:22'),
(365, '1', 'قام بإضافة سليدر جديد : صورة تجربة', 'Add a new slider : Example Slider', '37.34.233.127', '2019-04-21 15:39:51', '2019-04-21 15:39:51'),
(366, '1', 'قام بإضافة سليدر جديد : صورة تجربة', 'Add a new slider : Example Slider', '37.34.233.127', '2019-04-21 15:42:00', '2019-04-21 15:42:00'),
(367, '1', 'قام بتعديل مشروع حالية : بلدية الكويت', 'Edit current project : Kuwait Municipality', '37.34.233.127', '2019-04-21 15:44:03', '2019-04-21 15:44:03'),
(368, '1', 'قام بتعديل مشروع حالية : بلدية الكويت', 'Edit current project : Kuwait Municipality', '37.34.228.180', '2019-04-21 15:53:50', '2019-04-21 15:53:50'),
(369, '1', 'قام بحذف سليدر : مركز الجار الله الألماني التخصصي', 'Delete slider : AL jarallah german clinic', '188.71.231.242', '2019-04-21 16:23:06', '2019-04-21 16:23:06'),
(370, '1', 'قام بحذف سليدر : صورة تجربة', 'Delete slider : Example Slider', '188.71.231.242', '2019-04-21 16:23:09', '2019-04-21 16:23:09'),
(371, '1', 'قام بحذف سليدر : صورة تجربة', 'Delete slider : Example Slider', '188.71.231.242', '2019-04-21 16:23:10', '2019-04-21 16:23:10'),
(372, '1', 'قام بحذف سليدر : صورة تجربة', 'Delete slider : Example Slider', '188.71.231.242', '2019-04-21 16:23:12', '2019-04-21 16:23:12'),
(373, '1', 'قام بحذف سليدر : بلدية الكويت', 'Delete slider : Kuwait Municipality', '188.71.231.242', '2019-04-21 16:23:15', '2019-04-21 16:23:15'),
(374, '1', 'قام بإضافة سليدر جديد : الشاشة الداخلية', 'Add a new slider : Indoor Screen', '188.71.231.242', '2019-04-21 16:24:09', '2019-04-21 16:24:09'),
(375, '1', 'قام بإضافة سليدر جديد : الشاشة الداخلية', 'Add a new slider : Indoor Screen', '188.71.231.242', '2019-04-21 16:39:34', '2019-04-21 16:39:34'),
(376, '1', 'قام بإضافة سليدر جديد : صورة تجربة', 'Add a new slider : Indoor Screen', '188.71.213.125', '2019-04-21 16:43:41', '2019-04-21 16:43:41'),
(377, '1', 'قام بحذف سليدر : صورة تجربة', 'Delete slider : Indoor Screen', '188.71.213.125', '2019-04-21 16:45:02', '2019-04-21 16:45:02'),
(378, '1', 'قام بحذف سليدر : الشاشة الداخلية', 'Delete slider : Indoor Screen', '188.71.213.125', '2019-04-21 16:45:34', '2019-04-21 16:45:34'),
(379, '1', 'قام بتسجيل الدخول للوحة التحكم', 'Login to admin dashboard', '188.71.213.125', '2019-04-22 09:05:27', '2019-04-22 09:05:27'),
(380, '1', 'قام بالدخول للوحة التحكم', 'Go to admin dashboard', '188.71.213.125', '2019-04-22 09:05:27', '2019-04-22 09:05:27'),
(381, '1', 'قام بالدخول للوحة التحكم', 'Go to admin dashboard', '37.34.228.180', '2019-04-22 10:00:59', '2019-04-22 10:00:59'),
(382, '1', 'قام بالدخول للوحة التحكم', 'Go to admin dashboard', '188.71.213.125', '2019-04-22 10:12:15', '2019-04-22 10:12:15'),
(383, '1', 'قام بإضافة سليدر جديد : صورة تجربة', 'Add a new slider : Example Slider', '37.34.233.127', '2019-04-22 10:34:42', '2019-04-22 10:34:42'),
(384, '1', 'قام بحذف سليدر : صورة تجربة', 'Delete slider : Example Slider', '37.34.233.127', '2019-04-22 10:35:21', '2019-04-22 10:35:21'),
(385, '1', 'قام بتسجيل الدخول للوحة التحكم', 'Login to admin dashboard', '188.71.213.125', '2019-04-22 15:08:14', '2019-04-22 15:08:14'),
(386, '1', 'قام بالدخول للوحة التحكم', 'Go to admin dashboard', '188.71.213.125', '2019-04-22 15:08:14', '2019-04-22 15:08:14'),
(387, '1', 'قام بالدخول للوحة التحكم', 'Go to admin dashboard', '188.71.213.125', '2019-04-22 15:23:46', '2019-04-22 15:23:46'),
(388, '1', 'قام بتسجيل الخرج من لوحة التحكم', 'Logout from admin dashboard', '188.71.231.242', '2019-04-22 16:44:15', '2019-04-22 16:44:15'),
(389, '1', 'قام بتسجيل الدخول للوحة التحكم', 'Login to admin dashboard', '37.34.228.180', '2019-04-23 09:05:24', '2019-04-23 09:05:24'),
(390, '1', 'قام بالدخول للوحة التحكم', 'Go to admin dashboard', '37.34.228.180', '2019-04-23 09:05:25', '2019-04-23 09:05:25'),
(391, '1', 'قام بالدخول للوحة التحكم', 'Go to admin dashboard', '188.71.213.125', '2019-04-23 11:09:58', '2019-04-23 11:09:58'),
(392, '1', 'قام بإضافة سليدر جديد : الشاشة الخارجية', 'Add a new slider : Outdoor screen', '37.34.233.127', '2019-04-23 14:46:32', '2019-04-23 14:46:32'),
(393, '1', 'قام بإضافة سليدر جديد : الشاشة الخارجية', 'Add a new slider : Outdoor screen', '188.71.213.125', '2019-04-23 14:48:46', '2019-04-23 14:48:46'),
(394, '1', 'قام بإضافة سليدر جديد : صورة تجربة', 'Add a new slider : Example Slider', '37.34.228.180', '2019-04-23 14:54:56', '2019-04-23 14:54:56'),
(395, '1', 'قام بإضافة سليدر جديد : صورة تجربة', 'Add a new slider : Example Slider', '188.71.231.242', '2019-04-23 15:00:15', '2019-04-23 15:00:15'),
(396, '1', 'قام بإضافة سليدر جديد : صورة تجربة', 'Add a new slider : Example Slider', '188.71.231.242', '2019-04-23 15:00:15', '2019-04-23 15:00:15'),
(397, '1', 'قام بإضافة سليدر جديد : صورة تجربة', 'Add a new slider : Example Slider', '188.71.213.125', '2019-04-23 15:07:14', '2019-04-23 15:07:14'),
(398, '1', 'قام بحذف سليدر : الشاشة الخارجية', 'Delete slider : Outdoor screen', '188.71.231.242', '2019-04-23 15:10:47', '2019-04-23 15:10:47'),
(399, '1', 'قام بحذف سليدر : الشاشة الخارجية', 'Delete slider : Outdoor screen', '188.71.231.242', '2019-04-23 15:10:48', '2019-04-23 15:10:48'),
(400, '1', 'قام بحذف سليدر : صورة تجربة', 'Delete slider : Example Slider', '188.71.231.242', '2019-04-23 15:10:53', '2019-04-23 15:10:53'),
(401, '1', 'قام بحذف سليدر : صورة تجربة', 'Delete slider : Example Slider', '188.71.231.242', '2019-04-23 15:10:54', '2019-04-23 15:10:54'),
(402, '1', 'قام بحذف سليدر : صورة تجربة', 'Delete slider : Example Slider', '188.71.231.242', '2019-04-23 15:10:56', '2019-04-23 15:10:56'),
(403, '1', 'قام بحذف سليدر : صورة تجربة', 'Delete slider : Example Slider', '188.71.231.242', '2019-04-23 15:10:58', '2019-04-23 15:10:58'),
(404, '1', 'قام بإضافة سليدر جديد : صورة تجربة', 'Add a new slider : Example Slider', '188.71.231.242', '2019-04-23 15:11:13', '2019-04-23 15:11:13'),
(405, '1', 'قام بإضافة سليدر جديد : صورة تجربة', 'Add a new slider : Example Slider', '188.71.231.242', '2019-04-23 15:13:03', '2019-04-23 15:13:03'),
(406, '1', 'قام بإضافة سليدر جديد : صورة تجربة', 'Add a new slider : Example Slider', '188.71.231.242', '2019-04-23 15:15:23', '2019-04-23 15:15:23'),
(407, '1', 'قام بتعديل سليدر : الشاشة الخارجية', 'Edit slider : Example Slider', '37.34.233.127', '2019-04-23 15:57:22', '2019-04-23 15:57:22'),
(408, '1', 'قام بالدخول للوحة التحكم', 'Go to admin dashboard', '37.34.233.127', '2019-04-23 15:58:18', '2019-04-23 15:58:18'),
(409, '1', 'قام بحذف سليدر : صورة تجربة', 'Delete slider : Example Slider', '37.34.233.127', '2019-04-23 15:58:26', '2019-04-23 15:58:26'),
(410, '1', 'قام بحذف سليدر : الشاشة الخارجية', 'Delete slider : Example Slider', '37.34.233.127', '2019-04-23 15:58:30', '2019-04-23 15:58:30'),
(411, '1', 'قام بحذف سليدر : صورة تجربة', 'Delete slider : Example Slider', '37.34.233.127', '2019-04-23 15:58:32', '2019-04-23 15:58:32'),
(412, '1', 'قام بتسجيل الخرج من لوحة التحكم', 'Logout from admin dashboard', '37.34.233.127', '2019-04-23 15:58:38', '2019-04-23 15:58:38'),
(413, '1', 'قام بتسجيل الدخول للوحة التحكم', 'Login to admin dashboard', '37.34.233.127', '2019-04-24 09:14:03', '2019-04-24 09:14:03'),
(414, '1', 'قام بالدخول للوحة التحكم', 'Go to admin dashboard', '37.34.233.127', '2019-04-24 09:14:03', '2019-04-24 09:14:03'),
(415, '1', 'قام بتسجيل الدخول للوحة التحكم', 'Login to admin dashboard', '37.34.233.127', '2019-04-25 09:11:48', '2019-04-25 09:11:48'),
(416, '1', 'قام بالدخول للوحة التحكم', 'Go to admin dashboard', '37.34.233.127', '2019-04-25 09:11:48', '2019-04-25 09:11:48'),
(417, '1', 'قام بالدخول للوحة التحكم', 'Go to admin dashboard', '37.34.233.127', '2019-04-25 11:34:41', '2019-04-25 11:34:41'),
(418, '1', 'قام بالدخول للوحة التحكم', 'Go to admin dashboard', '37.34.233.127', '2019-04-25 11:34:57', '2019-04-25 11:34:57'),
(419, '1', 'قام بإضافة سليدر جديد : تجربه', 'Add a new slider : test', '37.34.233.127', '2019-04-25 11:51:22', '2019-04-25 11:51:22'),
(420, '1', 'قام بإضافة سليدر جديد : تجربه', 'Add a new slider : test', '37.34.233.127', '2019-04-25 12:05:54', '2019-04-25 12:05:54'),
(421, '1', 'قام بالدخول للوحة التحكم', 'Go to admin dashboard', '37.34.233.127', '2019-04-25 14:02:13', '2019-04-25 14:02:13'),
(422, '1', 'قام بتسجيل الدخول للوحة التحكم', 'Login to admin dashboard', '37.34.228.180', '2019-04-25 16:48:21', '2019-04-25 16:48:21'),
(423, '1', 'قام بالدخول للوحة التحكم', 'Go to admin dashboard', '37.34.228.180', '2019-04-25 16:48:21', '2019-04-25 16:48:21'),
(424, '1', 'قام بتسجيل الخرج من لوحة التحكم', 'Logout from admin dashboard', '188.71.213.125', '2019-04-25 16:53:53', '2019-04-25 16:53:53'),
(425, '1', 'قام بتسجيل الدخول للوحة التحكم', 'Login to admin dashboard', '188.71.231.242', '2019-04-27 08:56:53', '2019-04-27 08:56:53'),
(426, '1', 'قام بالدخول للوحة التحكم', 'Go to admin dashboard', '188.71.231.242', '2019-04-27 08:56:53', '2019-04-27 08:56:53'),
(427, '1', 'قام بتسجيل الدخول للوحة التحكم', 'Login to admin dashboard', '188.71.213.125', '2019-04-27 14:37:31', '2019-04-27 14:37:31'),
(428, '1', 'قام بالدخول للوحة التحكم', 'Go to admin dashboard', '188.71.213.125', '2019-04-27 14:37:31', '2019-04-27 14:37:31'),
(429, '1', 'قام بتسجيل الدخول للوحة التحكم', 'Login to admin dashboard', '188.71.231.242', '2019-04-28 09:44:05', '2019-04-28 09:44:05'),
(430, '1', 'قام بالدخول للوحة التحكم', 'Go to admin dashboard', '188.71.231.242', '2019-04-28 09:44:05', '2019-04-28 09:44:05'),
(431, '1', 'قام بتسجيل الدخول للوحة التحكم', 'Login to admin dashboard', '37.34.228.180', '2019-04-28 16:24:59', '2019-04-28 16:24:59'),
(432, '1', 'قام بالدخول للوحة التحكم', 'Go to admin dashboard', '37.34.228.180', '2019-04-28 16:24:59', '2019-04-28 16:24:59'),
(433, '1', 'قام بالدخول للوحة التحكم', 'Go to admin dashboard', '188.71.213.125', '2019-04-28 16:46:16', '2019-04-28 16:46:16'),
(434, '1', 'قام بالدخول للوحة التحكم', 'Go to admin dashboard', '188.71.213.125', '2019-04-28 16:48:27', '2019-04-28 16:48:27'),
(435, '1', 'قام بتسجيل الخرج من لوحة التحكم', 'Logout from admin dashboard', '188.71.213.125', '2019-04-28 16:49:23', '2019-04-28 16:49:23'),
(436, '1', 'قام بتسجيل الدخول للوحة التحكم', 'Login to admin dashboard', '188.71.231.242', '2019-04-28 16:56:24', '2019-04-28 16:56:24'),
(437, '1', 'قام بالدخول للوحة التحكم', 'Go to admin dashboard', '188.71.231.242', '2019-04-28 16:56:24', '2019-04-28 16:56:24'),
(438, '1', 'قام بتسجيل الخرج من لوحة التحكم', 'Logout from admin dashboard', '188.71.231.242', '2019-04-28 16:58:21', '2019-04-28 16:58:21'),
(439, '1', 'قام بتسجيل الدخول للوحة التحكم', 'Login to admin dashboard', '188.70.23.11', '2019-04-29 09:23:14', '2019-04-29 09:23:14'),
(440, '1', 'قام بالدخول للوحة التحكم', 'Go to admin dashboard', '188.70.23.11', '2019-04-29 09:23:14', '2019-04-29 09:23:14'),
(441, '1', 'قام بالدخول للوحة التحكم', 'Go to admin dashboard', '188.70.23.11', '2019-04-29 09:25:13', '2019-04-29 09:25:13'),
(442, '1', 'قام بتسجيل الدخول للوحة التحكم', 'Login to admin dashboard', '37.34.233.127', '2019-04-30 09:16:37', '2019-04-30 09:16:37'),
(443, '1', 'قام بالدخول للوحة التحكم', 'Go to admin dashboard', '37.34.233.127', '2019-04-30 09:16:37', '2019-04-30 09:16:37'),
(444, '1', 'قام بتسجيل الدخول للوحة التحكم', 'Login to admin dashboard', '37.34.228.180', '2019-04-30 16:37:31', '2019-04-30 16:37:31'),
(445, '1', 'قام بالدخول للوحة التحكم', 'Go to admin dashboard', '37.34.228.180', '2019-04-30 16:37:31', '2019-04-30 16:37:31'),
(446, '1', 'قام بتسجيل الخرج من لوحة التحكم', 'Logout from admin dashboard', '37.34.228.180', '2019-04-30 16:38:50', '2019-04-30 16:38:50'),
(447, '1', 'قام بتسجيل الدخول للوحة التحكم', 'Login to admin dashboard', '37.34.228.180', '2019-05-01 09:24:05', '2019-05-01 09:24:05'),
(448, '1', 'قام بالدخول للوحة التحكم', 'Go to admin dashboard', '37.34.228.180', '2019-05-01 09:24:06', '2019-05-01 09:24:06'),
(449, '1', 'قام بتعديل بيانات الموقع', 'Edit site info', '37.34.228.180', '2019-05-01 09:27:31', '2019-05-01 09:27:31'),
(450, '1', 'قام بالدخول للوحة التحكم', 'Go to admin dashboard', '37.34.228.180', '2019-05-01 09:27:53', '2019-05-01 09:27:53'),
(451, '1', 'قام بالدخول للوحة التحكم', 'Go to admin dashboard', '37.34.233.127', '2019-05-01 10:29:04', '2019-05-01 10:29:04'),
(452, '1', 'قام بتسجيل الدخول للوحة التحكم', 'Login to admin dashboard', '37.34.233.127', '2019-05-01 14:51:11', '2019-05-01 14:51:11'),
(453, '1', 'قام بالدخول للوحة التحكم', 'Go to admin dashboard', '37.34.233.127', '2019-05-01 14:51:11', '2019-05-01 14:51:11'),
(454, '1', 'قام بالدخول للوحة التحكم', 'Go to admin dashboard', '188.71.208.75', '2019-05-01 15:16:59', '2019-05-01 15:16:59'),
(455, '1', 'قام بتسجيل الدخول للوحة التحكم', 'Login to admin dashboard', '::1', '2019-05-01 16:10:13', '2019-05-01 16:10:13'),
(456, '1', 'قام بالدخول للوحة التحكم', 'Go to admin dashboard', '::1', '2019-05-01 16:10:14', '2019-05-01 16:10:14'),
(457, '1', 'قام بالدخول للوحة التحكم', 'Go to admin dashboard', '::1', '2019-05-01 16:10:18', '2019-05-01 16:10:18'),
(458, '1', 'قام بتعديل بيانات الموقع', 'Edit site info', '::1', '2019-05-01 16:17:02', '2019-05-01 16:17:02');

-- --------------------------------------------------------

--
-- Table structure for table `categories`
--

CREATE TABLE `categories` (
  `id` int(10) UNSIGNED NOT NULL,
  `ar_name` varchar(255) COLLATE utf8mb4_unicode_ci NOT NULL,
  `en_name` varchar(255) COLLATE utf8mb4_unicode_ci NOT NULL,
  `sort` int(11) NOT NULL,
  `image` varchar(255) COLLATE utf8mb4_unicode_ci NOT NULL,
  `active` enum('yes','no') COLLATE utf8mb4_unicode_ci NOT NULL,
  `created_at` varchar(255) COLLATE utf8mb4_unicode_ci DEFAULT NULL,
  `updated_at` varchar(255) COLLATE utf8mb4_unicode_ci DEFAULT NULL
) ENGINE=InnoDB DEFAULT CHARSET=utf8mb4 COLLATE=utf8mb4_unicode_ci;

--
-- Dumping data for table `categories`
--

INSERT INTO `categories` (`id`, `ar_name`, `en_name`, `sort`, `image`, `active`, `created_at`, `updated_at`) VALUES
(1, 'شاشات العرض الخارجيه', 'scrreens', 1, 'apiDK.السلام مول.jpeg', 'yes', '2019-01-14 00:12:38', '2019-03-24 10:02:09'),
(2, 'شاشات العرض الداخليه', 'screens in dour', 2, 'Q6Jmg.service02.png', 'yes', '2019-01-14 00:13:15', '2019-03-24 10:05:51'),
(3, 'سلسلة الستار LED', 'LED Curtain Series', 3, 'scLrr.service03.png', 'yes', '2019-01-14 00:13:44', '2019-01-14 00:13:44'),
(4, 'سلسلة LED الإبداعية', 'LED Creative Series', 4, 'XdcDy.service04.png', 'yes', '2019-01-14 00:14:07', '2019-01-14 00:15:31'),
(5, 'الصمام الغسالة', 'LED Washer', 5, 'eYEH5.service05.png', 'yes', '2019-01-14 00:14:31', '2019-01-14 00:15:40'),
(6, 'سلسلة إضاءة LED', 'LED Lighting Series', 6, 'TKSNv.service06.png', 'yes', '2019-01-14 00:15:05', '2019-01-14 00:15:48');

-- --------------------------------------------------------

--
-- Table structure for table `clients`
--

CREATE TABLE `clients` (
  `id` int(10) UNSIGNED NOT NULL,
  `ar_name` varchar(255) COLLATE utf8mb4_unicode_ci NOT NULL,
  `en_name` varchar(255) COLLATE utf8mb4_unicode_ci NOT NULL,
  `link` varchar(255) COLLATE utf8mb4_unicode_ci NOT NULL,
  `image` varchar(255) COLLATE utf8mb4_unicode_ci NOT NULL,
  `sort` int(11) NOT NULL,
  `active` enum('yes','no') COLLATE utf8mb4_unicode_ci NOT NULL,
  `created_at` varchar(255) COLLATE utf8mb4_unicode_ci DEFAULT NULL,
  `updated_at` varchar(255) COLLATE utf8mb4_unicode_ci DEFAULT NULL
) ENGINE=InnoDB DEFAULT CHARSET=utf8mb4 COLLATE=utf8mb4_unicode_ci;

--
-- Dumping data for table `clients`
--

INSERT INTO `clients` (`id`, `ar_name`, `en_name`, `link`, `image`, `sort`, `active`, `created_at`, `updated_at`) VALUES
(1, 'السلام مول', 'Al-Salam Mall', 'https://www.instagram.com/al.salam.mall/', 'uWYJ6.السلام مول.jpg', 1, 'yes', '2019-01-13 21:38:00', '2019-04-18 16:25:12'),
(6, 'مجمع البنوك الكويت', 'Joint Banks Complex Kuwait City, Kuwait', '', 'x9x6G.v57ji.Untitled-123.jpg', 2, 'yes', '2019-04-18 16:28:46', '2019-04-18 16:28:46'),
(7, 'بلدية الكويت', 'Kuwait Municipality', 'https://www.baladia.gov.kw/sites/ar/Pages/main.aspx', 'IIY7W.بلديه.jpg', 3, 'yes', '2019-04-18 16:29:37', '2019-04-18 16:29:37'),
(8, 'رمال مول', 'Remal mall', 'http://remalmall.online/ar/', 'IMmau.رمال مول.jpg', 4, 'yes', '2019-04-18 16:30:43', '2019-04-18 16:30:43'),
(9, 'مطار الكويت الدولي', 'Kuwait International Airport', 'https://www.dgca.gov.kw/ar/travellers/', 'ae8D3.مطار.jpg', 5, 'yes', '2019-04-18 16:31:02', '2019-04-18 16:32:52'),
(10, 'فندق كويت كونتنينتال', 'Kuwait Continental Hotel', '', 'ju8rn.فندق.jpg', 6, 'yes', '2019-04-18 16:33:48', '2019-04-18 16:33:48'),
(11, 'مركز الجار الله الألماني التخصصي', 'AL jarallah german clinic', 'http://www.jgsc.com.kw/', 'tQObn.جار الله.jpg', 7, 'yes', '2019-04-18 16:35:12', '2019-04-18 16:35:12');

-- --------------------------------------------------------

--
-- Table structure for table `contact`
--

CREATE TABLE `contact` (
  `id` int(10) UNSIGNED NOT NULL,
  `name` varchar(255) COLLATE utf8mb4_unicode_ci NOT NULL,
  `phone` varchar(255) COLLATE utf8mb4_unicode_ci NOT NULL,
  `email` varchar(255) COLLATE utf8mb4_unicode_ci NOT NULL,
  `message` text COLLATE utf8mb4_unicode_ci NOT NULL,
  `reply` text COLLATE utf8mb4_unicode_ci NOT NULL,
  `seen` enum('no','yes') COLLATE utf8mb4_unicode_ci NOT NULL,
  `created_at` varchar(255) COLLATE utf8mb4_unicode_ci DEFAULT NULL,
  `updated_at` varchar(255) COLLATE utf8mb4_unicode_ci DEFAULT NULL
) ENGINE=InnoDB DEFAULT CHARSET=utf8mb4 COLLATE=utf8mb4_unicode_ci;

--
-- Dumping data for table `contact`
--

INSERT INTO `contact` (`id`, `name`, `phone`, `email`, `message`, `reply`, `seen`, `created_at`, `updated_at`) VALUES
(1, 'looklike', '22088593', 'reham.khaled@looklikeled.com', 'test message', '', 'yes', '2019-04-20 10:13:01', '2019-04-20 10:27:49');

-- --------------------------------------------------------

--
-- Table structure for table `gallery`
--

CREATE TABLE `gallery` (
  `id` int(10) UNSIGNED NOT NULL,
  `dept_id` int(11) NOT NULL,
  `ar_title` varchar(255) COLLATE utf8mb4_unicode_ci NOT NULL,
  `en_title` varchar(255) COLLATE utf8mb4_unicode_ci NOT NULL,
  `image` varchar(255) COLLATE utf8mb4_unicode_ci NOT NULL,
  `type` enum('image','video') COLLATE utf8mb4_unicode_ci NOT NULL,
  `active` enum('yes','no') COLLATE utf8mb4_unicode_ci NOT NULL,
  `created_at` varchar(255) COLLATE utf8mb4_unicode_ci DEFAULT NULL,
  `updated_at` varchar(255) COLLATE utf8mb4_unicode_ci DEFAULT NULL
) ENGINE=InnoDB DEFAULT CHARSET=utf8mb4 COLLATE=utf8mb4_unicode_ci;

-- --------------------------------------------------------

--
-- Table structure for table `gallery_depts`
--

CREATE TABLE `gallery_depts` (
  `id` int(11) NOT NULL,
  `ar_name` varchar(255) NOT NULL,
  `en_name` varchar(255) NOT NULL,
  `image` varchar(255) NOT NULL,
  `sort` int(11) NOT NULL,
  `active` enum('yes','no') NOT NULL,
  `created_at` varchar(255) CHARACTER SET utf8mb4 COLLATE utf8mb4_unicode_ci DEFAULT NULL,
  `updated_at` varchar(255) CHARACTER SET utf8mb4 COLLATE utf8mb4_unicode_ci DEFAULT NULL
) ENGINE=InnoDB DEFAULT CHARSET=utf8mb4;

--
-- Dumping data for table `gallery_depts`
--

INSERT INTO `gallery_depts` (`id`, `ar_name`, `en_name`, `image`, `sort`, `active`, `created_at`, `updated_at`) VALUES
(3, 'مشروع بلدية الكويت', 'Kuwait Municipality', 'oJloS.F5p5y.kuwait municipality.jpg', 1, 'yes', '2019-02-28 07:44:38', '2019-04-20 12:18:16');

-- --------------------------------------------------------

--
-- Table structure for table `groups`
--

CREATE TABLE `groups` (
  `id` int(10) UNSIGNED NOT NULL,
  `ar_name` varchar(255) COLLATE utf8mb4_unicode_ci NOT NULL,
  `en_name` varchar(255) COLLATE utf8mb4_unicode_ci NOT NULL,
  `created_at` varchar(255) COLLATE utf8mb4_unicode_ci DEFAULT NULL,
  `updated_at` varchar(255) COLLATE utf8mb4_unicode_ci DEFAULT NULL
) ENGINE=InnoDB DEFAULT CHARSET=utf8mb4 COLLATE=utf8mb4_unicode_ci;

--
-- Dumping data for table `groups`
--

INSERT INTO `groups` (`id`, `ar_name`, `en_name`, `created_at`, `updated_at`) VALUES
(1, 'الإدارة العليا', 'Top Management', '2019-01-13 01:11:22', '2019-01-13 01:11:22'),
(2, 'مشرف عام', 'ريهام', '2019-04-03 11:07:03', '2019-04-03 11:07:03');

-- --------------------------------------------------------

--
-- Table structure for table `migrations`
--

CREATE TABLE `migrations` (
  `id` int(10) UNSIGNED NOT NULL,
  `migration` varchar(255) COLLATE utf8mb4_unicode_ci NOT NULL,
  `batch` int(11) NOT NULL
) ENGINE=InnoDB DEFAULT CHARSET=utf8mb4 COLLATE=utf8mb4_unicode_ci;

--
-- Dumping data for table `migrations`
--

INSERT INTO `migrations` (`id`, `migration`, `batch`) VALUES
(1, '2019_01_13_182800_create_actions_table', 1),
(2, '2019_01_13_182832_create_categories_table', 1),
(3, '2019_01_13_182847_create_contact_table', 1),
(4, '2019_01_13_182915_create_gallery_table', 1),
(5, '2019_01_13_183047_create_groups_table', 1),
(6, '2019_01_13_183100_create_news_table', 1),
(7, '2019_01_13_183116_create_pages_table', 1),
(8, '2019_01_13_183208_create_permissions_table', 1),
(9, '2019_01_13_183220_create_products_table', 1),
(10, '2019_01_13_183300_create_projects_table', 1),
(11, '2019_01_13_183314_create_screens_table', 1),
(12, '2019_01_13_183413_create_services_table', 1),
(13, '2019_01_13_183425_create_site_table', 1),
(14, '2019_01_13_183434_create_slider_table', 1),
(15, '2019_01_13_183447_create_users_table', 1),
(16, '2019_01_14_002332_create_clients_table', 2);

-- --------------------------------------------------------

--
-- Table structure for table `news`
--

CREATE TABLE `news` (
  `id` int(10) UNSIGNED NOT NULL,
  `ar_name` varchar(255) COLLATE utf8mb4_unicode_ci NOT NULL,
  `en_name` varchar(255) COLLATE utf8mb4_unicode_ci NOT NULL,
  `ar_desc` text COLLATE utf8mb4_unicode_ci NOT NULL,
  `en_desc` text COLLATE utf8mb4_unicode_ci NOT NULL,
  `image` varchar(255) COLLATE utf8mb4_unicode_ci NOT NULL,
  `views` int(11) NOT NULL,
  `active` enum('yes','no') COLLATE utf8mb4_unicode_ci NOT NULL,
  `created_at` varchar(255) COLLATE utf8mb4_unicode_ci DEFAULT NULL,
  `updated_at` varchar(255) COLLATE utf8mb4_unicode_ci DEFAULT NULL
) ENGINE=InnoDB DEFAULT CHARSET=utf8mb4 COLLATE=utf8mb4_unicode_ci;

-- --------------------------------------------------------

--
-- Table structure for table `pages`
--

CREATE TABLE `pages` (
  `id` int(10) UNSIGNED NOT NULL,
  `ar_title` varchar(255) COLLATE utf8mb4_unicode_ci NOT NULL,
  `en_title` varchar(255) COLLATE utf8mb4_unicode_ci NOT NULL,
  `ar_desc` text COLLATE utf8mb4_unicode_ci NOT NULL,
  `en_desc` text COLLATE utf8mb4_unicode_ci NOT NULL,
  `created_at` varchar(255) COLLATE utf8mb4_unicode_ci DEFAULT NULL,
  `updated_at` varchar(255) COLLATE utf8mb4_unicode_ci DEFAULT NULL
) ENGINE=InnoDB DEFAULT CHARSET=utf8mb4 COLLATE=utf8mb4_unicode_ci;

--
-- Dumping data for table `pages`
--

INSERT INTO `pages` (`id`, `ar_title`, `en_title`, `ar_desc`, `en_desc`, `created_at`, `updated_at`) VALUES
(1, 'من نحن', 'About Us', '<p>(مجموعة شركات لوك لايك وهي ( شركة لوك لايك للتجارة العامة .. وشركة لوك لايك للدعاية والإعلان&nbsp;</p>\r\n\r\n<p>&nbsp;تأسست المجموعة &nbsp;عام 2015 بدولة الكويت</p>\r\n\r\n<p><strong>:عن شركة لوك لايك للتجارة العامة</strong></p>\r\n\r\n<h3>( RGB &amp; DMX )هي احدي الشركات الرائدة في مجال الإضاءات الخارجية للمباني بأحدث التقنيات ( LED ) وبأحدث نظم وبرامج الإضاءة العالمية</h3>\r\n\r\n<p>وكذلك انتاج وبيع شاشات العرض الكبيرة ( LED ) الداخلية والخارجية واعمال التركيب الخاصة بها و أعمال الصيانة وخدمات ما بعد البيع . حيث تمتلك الشركة الكفاءات والقدرات البشرية المؤهلة للقيام بتلك الأعمال من مهندسين وفنيين ومبرمجين علي أعلي مستوي من الكفاءة&nbsp;</p>\r\n\r\n<p>شركة لوك لايك للتجارة العامة هي الوكيل الحصري والوحيد لجميع منتجات شركة شارمينج ليد تكنولوجي في كل من الكويت وجمهورية مصر العربية وتعتبر شركة شارمينج ليد تكنولوجي من احدي أكبر وأهم الشركات علي مستوي العالم في مجال تصنيع الإضاءات الداخلية والخارجية التي تعمل ببرمجه خاصة علي المباني لتظهر مبهرة كما هي في العواصم والمدن العالمية وكذلك تصنيع شاشات العرض الداخلية والخارجية بأحدث التكنولوجيا الموجودة في العالم وأحدث المواصفات العالمية&nbsp;</p>\r\n\r\n<p><strong>:عن شركة لوك لايك للدعاية والإعلان </strong></p>\r\n\r\n<p>هي احدي الشركات&nbsp; الرائدة في مجال الدعاية والإعلان بدولة الكويت وتمتلك الشركة مجموعة من الشاشات الإعلانية&nbsp; الداخلية والخارجية في مواقع مميزة بدولة الكويت لتقدم خدمات اعلانية لجميع الشركات والمؤسسات التي تهدف الي الإعلان عن منتجاتها وخدماتها علي هذه الشاشات الإعلانية&nbsp;</p>\r\n\r\n<p>وكذلك القيام بجميع الخدمات كوكالة اعلانية أيضا لهذه الشركات والمؤسسات</p>', '<p><strong>Look Like Company Group</strong></p>\r\n\r\n<p><strong>Look Like Company was founded in 2015 in Kuwait.</strong></p>\r\n\r\n<ol>\r\n	<li><strong>Look like for General Trading </strong></li>\r\n	<li><strong>Look like for Media &amp; Advertising </strong></li>\r\n</ol>\r\n\r\n<p><strong>Look Like for General Trading:</strong></p>\r\n\r\n<p>One of the leading companies in the field of external lighting of buildings with the newest technologies (LED) and the latest systems and programs of global lighting (RGB &amp; DMX).</p>\r\n\r\n<p>In addition to the production and sale of indoor and outdoor great displays (LEDs), installation works, maintenance and after sales services. Where the company has the competencies and human capabilities qualified to do the work of engineers and technicians and programmers at the highest level of efficiency.</p>\r\n\r\n<p>Look Like for General Trading is the exclusive agent of all the products of Charming LED Technology in Kuwait and Arab Republic of Egypt. Charming LED Technology is one of the biggest and most important companies in the world in the field of manufacturing indoor and outdoor lighting which works on a special programming on buildings to appear as impressive as in the capitals and cities of the world along with the manufacture of internal and external displays of the newest technology in the world and the newest international specifications.</p>\r\n\r\n<p><strong>Look Like for Media &amp; Advertising:</strong></p>\r\n\r\n<p>One of the leading companies in the field of Media &amp; Advertising in the state of Kuwait. The company has a range of indoor and outdoor advertising screens in a unique places in the State of Kuwait to provide advertising services to all companies and organizations that aim to advertise their products and services on these advertising screens.</p>\r\n\r\n<p>In addition, providing all services as an advertising agency for these companies and organizations.</p>', '2019-01-13 21:51:32', '2019-04-20 15:56:57'),
(3, 'مميزاتنا', 'Our Features', '<p>هنالك العديد من الأنواع المتوفرة لنصوص لوريم إيبسوم، ولكن الغالبية تم تعديلها بشكل ما عبر إدخال بعض النوادر أو الكلمات العشوائية إلى النص. إن كنت تريد أن تستخدم نص لوريم إيبسوم ما، عليك أن تتحقق أولاً أن ليس هناك أي كلمات أو عبارات محرجة أو غير لائقة مخبأة في هذا النص. بينما تعمل جميع مولّدات نصوص لوريم إيبسوم على الإنترنت على إعادة تكرار مقاطع من نص لوريم إيبسوم نفسه عدة مرات بما تتطلبه الحاجة، يقوم مولّدنا هذا باستخدام كلمات من قاموس يحوي على أكثر من 200 كلمة لا تينية، مضاف إليها مجموعة من الجمل النموذجية، لتكوين نص لوريم إيبسوم ذو شكل منطقي قريب إلى النص الحقيقي. وبالتالي يكون النص الناتح خالي من التكرار، أو أي كلمات أو عبارات غير لائقة أو ما شابه. وهذا ما يجعله أول مولّد نص لوريم إيبسوم حقيقي على الإنترنت.</p>\r\n\r\n<p>&nbsp;</p>', '<p>There are many variations of passages of Lorem Ipsum available, but the majority have suffered alteration in some form, by injected humour, or randomised words which don&#39;t look even slightly believable. If you are going to use a passage of Lorem Ipsum, you need to be sure there isn&#39;t anything embarrassing hidden in the middle of text. All the Lorem Ipsum generators on the Internet tend to repeat predefined chunks as necessary, making this the first true generator on the Internet. It uses a dictionary of over 200 Latin words, combined with a handful of model sentence structures, to generate Lorem Ipsum which looks reasonable. The generated Lorem Ipsum is therefore always free from repetition, injected humour, or non-characteristic words etc.</p>\r\n\r\n<p>&nbsp;</p>', '2019-01-14 00:54:42', '2019-04-20 12:05:42');

-- --------------------------------------------------------

--
-- Table structure for table `permissions`
--

CREATE TABLE `permissions` (
  `id` int(10) UNSIGNED NOT NULL,
  `group_id` int(11) NOT NULL,
  `permission` varchar(255) COLLATE utf8mb4_unicode_ci NOT NULL,
  `created_at` varchar(255) COLLATE utf8mb4_unicode_ci DEFAULT NULL,
  `updated_at` varchar(255) COLLATE utf8mb4_unicode_ci DEFAULT NULL
) ENGINE=InnoDB DEFAULT CHARSET=utf8mb4 COLLATE=utf8mb4_unicode_ci;

--
-- Dumping data for table `permissions`
--

INSERT INTO `permissions` (`id`, `group_id`, `permission`, `created_at`, `updated_at`) VALUES
(17, 1, 'site', '2019-01-23 16:18:49', '2019-01-23 16:18:49'),
(18, 1, 'groups', '2019-01-23 16:18:49', '2019-01-23 16:18:49'),
(19, 1, 'admins', '2019-01-23 16:18:49', '2019-01-23 16:18:49'),
(20, 1, 'actions', '2019-01-23 16:18:49', '2019-01-23 16:18:49'),
(21, 1, 'services', '2019-01-23 16:18:49', '2019-01-23 16:18:49'),
(22, 1, 'projects', '2019-01-23 16:18:49', '2019-01-23 16:18:49'),
(23, 1, 'clients', '2019-01-23 16:18:49', '2019-01-23 16:18:49'),
(24, 1, 'categories', '2019-01-23 16:18:49', '2019-01-23 16:18:49'),
(25, 1, 'products', '2019-01-23 16:18:49', '2019-01-23 16:18:49'),
(26, 1, 'screens', '2019-01-23 16:18:49', '2019-01-23 16:18:49'),
(27, 1, 'news', '2019-01-23 16:18:49', '2019-01-23 16:18:49'),
(28, 1, 'gallery_depts', '2019-01-23 16:18:49', '2019-01-23 16:18:49'),
(29, 1, 'gallery', '2019-01-23 16:18:49', '2019-01-23 16:18:49'),
(30, 1, 'pages', '2019-01-23 16:18:49', '2019-01-23 16:18:49'),
(31, 1, 'slider', '2019-01-23 16:18:49', '2019-01-23 16:18:49'),
(32, 1, 'contact', '2019-01-23 16:18:49', '2019-01-23 16:18:49'),
(33, 2, 'site', '2019-04-03 11:07:03', '2019-04-03 11:07:03'),
(34, 2, 'actions', '2019-04-03 11:07:03', '2019-04-03 11:07:03'),
(35, 2, 'services', '2019-04-03 11:07:03', '2019-04-03 11:07:03'),
(36, 2, 'projects', '2019-04-03 11:07:03', '2019-04-03 11:07:03'),
(37, 2, 'clients', '2019-04-03 11:07:03', '2019-04-03 11:07:03'),
(38, 2, 'categories', '2019-04-03 11:07:03', '2019-04-03 11:07:03'),
(39, 2, 'products', '2019-04-03 11:07:03', '2019-04-03 11:07:03'),
(40, 2, 'screens', '2019-04-03 11:07:03', '2019-04-03 11:07:03'),
(41, 2, 'news', '2019-04-03 11:07:03', '2019-04-03 11:07:03'),
(42, 2, 'gallery_depts', '2019-04-03 11:07:03', '2019-04-03 11:07:03'),
(43, 2, 'gallery', '2019-04-03 11:07:03', '2019-04-03 11:07:03'),
(44, 2, 'pages', '2019-04-03 11:07:03', '2019-04-03 11:07:03'),
(45, 2, 'slider', '2019-04-03 11:07:03', '2019-04-03 11:07:03'),
(46, 2, 'contact', '2019-04-03 11:07:03', '2019-04-03 11:07:03');

-- --------------------------------------------------------

--
-- Table structure for table `products`
--

CREATE TABLE `products` (
  `id` int(10) UNSIGNED NOT NULL,
  `category_id` int(11) NOT NULL,
  `ar_name` varchar(255) COLLATE utf8mb4_unicode_ci NOT NULL,
  `en_name` varchar(255) COLLATE utf8mb4_unicode_ci NOT NULL,
  `ar_desc` text COLLATE utf8mb4_unicode_ci NOT NULL,
  `en_desc` text COLLATE utf8mb4_unicode_ci NOT NULL,
  `price` double NOT NULL,
  `image` varchar(255) COLLATE utf8mb4_unicode_ci NOT NULL,
  `active` enum('yes','no') COLLATE utf8mb4_unicode_ci NOT NULL,
  `created_at` varchar(255) COLLATE utf8mb4_unicode_ci DEFAULT NULL,
  `updated_at` varchar(255) COLLATE utf8mb4_unicode_ci DEFAULT NULL
) ENGINE=InnoDB DEFAULT CHARSET=utf8mb4 COLLATE=utf8mb4_unicode_ci;

--
-- Dumping data for table `products`
--

INSERT INTO `products` (`id`, `category_id`, `ar_name`, `en_name`, `ar_desc`, `en_desc`, `price`, `image`, `active`, `created_at`, `updated_at`) VALUES
(1, 6, 'الصمام الدائري العرض', 'LED Ring Display', '<p>هنالك العديد من الأنواع المتوفرة لنصوص لوريم إيبسوم، ولكن الغالبية تم تعديلها بشكل ما عبر إدخال بعض النوادر أو الكلمات العشوائية إلى النص. إن كنت تريد أن تستخدم نص لوريم إيبسوم ما، عليك أن تتحقق أولاً أن ليس هناك أي كلمات أو عبارات محرجة أو غير لائقة مخبأة في هذا النص. بينما تعمل جميع مولّدات نصوص لوريم إيبسوم على الإنترنت على إعادة تكرار مقاطع من نص لوريم إيبسوم نفسه عدة مرات بما تتطلبه الحاجة، يقوم مولّدنا هذا باستخدام كلمات من قاموس يحوي على أكثر من 200 كلمة لا تينية، مضاف إليها مجموعة من الجمل النموذجية، لتكوين نص لوريم إيبسوم ذو شكل منطقي قريب إلى النص الحقيقي. وبالتالي يكون النص الناتح خالي من التكرار، أو أي كلمات أو عبارات غير لائقة أو ما شابه. وهذا ما يجعله أول مولّد نص لوريم إيبسوم حقيقي على الإنترنت.</p>', '<p>There are many variations of passages of Lorem Ipsum available, but the majority have suffered alteration in some form, by injected humour, or randomised words which don&#39;t look even slightly believable. If you are going to use a passage of Lorem Ipsum, you need to be sure there isn&#39;t anything embarrassing hidden in the middle of text. All the Lorem Ipsum generators on the Internet tend to repeat predefined chunks as necessary, making this the first true generator on the Internet. It uses a dictionary of over 200 Latin words, combined with a handful of model sentence structures, to generate Lorem Ipsum which looks reasonable. The generated Lorem Ipsum is therefore always free from repetition, injected humour, or non-characteristic words etc.</p>', 15, 'u7rcA.product01.jpg', 'yes', '2019-01-13 21:16:40', '2019-01-14 00:18:14'),
(2, 5, 'الصمام الدائري العرض', 'LED Ring Display', '<p>هنالك العديد من الأنواع المتوفرة لنصوص لوريم إيبسوم، ولكن الغالبية تم تعديلها بشكل ما عبر إدخال بعض النوادر أو الكلمات العشوائية إلى النص. إن كنت تريد أن تستخدم نص لوريم إيبسوم ما، عليك أن تتحقق أولاً أن ليس هناك أي كلمات أو عبارات محرجة أو غير لائقة مخبأة في هذا النص. بينما تعمل جميع مولّدات نصوص لوريم إيبسوم على الإنترنت على إعادة تكرار مقاطع من نص لوريم إيبسوم نفسه عدة مرات بما تتطلبه الحاجة، يقوم مولّدنا هذا باستخدام كلمات من قاموس يحوي على أكثر من 200 كلمة لا تينية، مضاف إليها مجموعة من الجمل النموذجية، لتكوين نص لوريم إيبسوم ذو شكل منطقي قريب إلى النص الحقيقي. وبالتالي يكون النص الناتح خالي من التكرار، أو أي كلمات أو عبارات غير لائقة أو ما شابه. وهذا ما يجعله أول مولّد نص لوريم إيبسوم حقيقي على الإنترنت.</p>', '<p>There are many variations of passages of Lorem Ipsum available, but the majority have suffered alteration in some form, by injected humour, or randomised words which don&#39;t look even slightly believable. If you are going to use a passage of Lorem Ipsum, you need to be sure there isn&#39;t anything embarrassing hidden in the middle of text. All the Lorem Ipsum generators on the Internet tend to repeat predefined chunks as necessary, making this the first true generator on the Internet. It uses a dictionary of over 200 Latin words, combined with a handful of model sentence structures, to generate Lorem Ipsum which looks reasonable. The generated Lorem Ipsum is therefore always free from repetition, injected humour, or non-characteristic words etc.</p>', 15, 'n4Ctj.product02.jpg', 'yes', '2019-01-13 21:16:40', '2019-01-14 00:18:25'),
(3, 4, 'الصمام الدائري العرض', 'LED Ring Display', '<p>هنالك العديد من الأنواع المتوفرة لنصوص لوريم إيبسوم، ولكن الغالبية تم تعديلها بشكل ما عبر إدخال بعض النوادر أو الكلمات العشوائية إلى النص. إن كنت تريد أن تستخدم نص لوريم إيبسوم ما، عليك أن تتحقق أولاً أن ليس هناك أي كلمات أو عبارات محرجة أو غير لائقة مخبأة في هذا النص. بينما تعمل جميع مولّدات نصوص لوريم إيبسوم على الإنترنت على إعادة تكرار مقاطع من نص لوريم إيبسوم نفسه عدة مرات بما تتطلبه الحاجة، يقوم مولّدنا هذا باستخدام كلمات من قاموس يحوي على أكثر من 200 كلمة لا تينية، مضاف إليها مجموعة من الجمل النموذجية، لتكوين نص لوريم إيبسوم ذو شكل منطقي قريب إلى النص الحقيقي. وبالتالي يكون النص الناتح خالي من التكرار، أو أي كلمات أو عبارات غير لائقة أو ما شابه. وهذا ما يجعله أول مولّد نص لوريم إيبسوم حقيقي على الإنترنت.</p>', '<p>There are many variations of passages of Lorem Ipsum available, but the majority have suffered alteration in some form, by injected humour, or randomised words which don&#39;t look even slightly believable. If you are going to use a passage of Lorem Ipsum, you need to be sure there isn&#39;t anything embarrassing hidden in the middle of text. All the Lorem Ipsum generators on the Internet tend to repeat predefined chunks as necessary, making this the first true generator on the Internet. It uses a dictionary of over 200 Latin words, combined with a handful of model sentence structures, to generate Lorem Ipsum which looks reasonable. The generated Lorem Ipsum is therefore always free from repetition, injected humour, or non-characteristic words etc.</p>', 15, 'ib6bK.product03.jpg', 'yes', '2019-01-13 21:16:40', '2019-01-14 00:18:35'),
(4, 3, 'الصمام الدائري العرض', 'LED Ring Display', '<p>هنالك العديد من الأنواع المتوفرة لنصوص لوريم إيبسوم، ولكن الغالبية تم تعديلها بشكل ما عبر إدخال بعض النوادر أو الكلمات العشوائية إلى النص. إن كنت تريد أن تستخدم نص لوريم إيبسوم ما، عليك أن تتحقق أولاً أن ليس هناك أي كلمات أو عبارات محرجة أو غير لائقة مخبأة في هذا النص. بينما تعمل جميع مولّدات نصوص لوريم إيبسوم على الإنترنت على إعادة تكرار مقاطع من نص لوريم إيبسوم نفسه عدة مرات بما تتطلبه الحاجة، يقوم مولّدنا هذا باستخدام كلمات من قاموس يحوي على أكثر من 200 كلمة لا تينية، مضاف إليها مجموعة من الجمل النموذجية، لتكوين نص لوريم إيبسوم ذو شكل منطقي قريب إلى النص الحقيقي. وبالتالي يكون النص الناتح خالي من التكرار، أو أي كلمات أو عبارات غير لائقة أو ما شابه. وهذا ما يجعله أول مولّد نص لوريم إيبسوم حقيقي على الإنترنت.</p>', '<p>There are many variations of passages of Lorem Ipsum available, but the majority have suffered alteration in some form, by injected humour, or randomised words which don&#39;t look even slightly believable. If you are going to use a passage of Lorem Ipsum, you need to be sure there isn&#39;t anything embarrassing hidden in the middle of text. All the Lorem Ipsum generators on the Internet tend to repeat predefined chunks as necessary, making this the first true generator on the Internet. It uses a dictionary of over 200 Latin words, combined with a handful of model sentence structures, to generate Lorem Ipsum which looks reasonable. The generated Lorem Ipsum is therefore always free from repetition, injected humour, or non-characteristic words etc.</p>', 15, 'GoIi4.product01.jpg', 'yes', '2019-01-13 21:16:40', '2019-01-14 00:18:44'),
(5, 2, 'الصمام الدائري العرض', 'LED Ring Display', '<p>هنالك العديد من الأنواع المتوفرة لنصوص لوريم إيبسوم، ولكن الغالبية تم تعديلها بشكل ما عبر إدخال بعض النوادر أو الكلمات العشوائية إلى النص. إن كنت تريد أن تستخدم نص لوريم إيبسوم ما، عليك أن تتحقق أولاً أن ليس هناك أي كلمات أو عبارات محرجة أو غير لائقة مخبأة في هذا النص. بينما تعمل جميع مولّدات نصوص لوريم إيبسوم على الإنترنت على إعادة تكرار مقاطع من نص لوريم إيبسوم نفسه عدة مرات بما تتطلبه الحاجة، يقوم مولّدنا هذا باستخدام كلمات من قاموس يحوي على أكثر من 200 كلمة لا تينية، مضاف إليها مجموعة من الجمل النموذجية، لتكوين نص لوريم إيبسوم ذو شكل منطقي قريب إلى النص الحقيقي. وبالتالي يكون النص الناتح خالي من التكرار، أو أي كلمات أو عبارات غير لائقة أو ما شابه. وهذا ما يجعله أول مولّد نص لوريم إيبسوم حقيقي على الإنترنت.</p>', '<p>There are many variations of passages of Lorem Ipsum available, but the majority have suffered alteration in some form, by injected humour, or randomised words which don&#39;t look even slightly believable. If you are going to use a passage of Lorem Ipsum, you need to be sure there isn&#39;t anything embarrassing hidden in the middle of text. All the Lorem Ipsum generators on the Internet tend to repeat predefined chunks as necessary, making this the first true generator on the Internet. It uses a dictionary of over 200 Latin words, combined with a handful of model sentence structures, to generate Lorem Ipsum which looks reasonable. The generated Lorem Ipsum is therefore always free from repetition, injected humour, or non-characteristic words etc.</p>', 15, 'mX6Id.product02.jpg', 'yes', '2019-01-13 21:16:40', '2019-01-14 00:18:57'),
(6, 2, 'الصمام الدائري العرض', 'LED Ring Display', '<p>هنالك العديد من الأنواع المتوفرة لنصوص لوريم إيبسوم، ولكن الغالبية تم تعديلها بشكل ما عبر إدخال بعض النوادر أو الكلمات العشوائية إلى النص. إن كنت تريد أن تستخدم نص لوريم إيبسوم ما، عليك أن تتحقق أولاً أن ليس هناك أي كلمات أو عبارات محرجة أو غير لائقة مخبأة في هذا النص. بينما تعمل جميع مولّدات نصوص لوريم إيبسوم على الإنترنت على إعادة تكرار مقاطع من نص لوريم إيبسوم نفسه عدة مرات بما تتطلبه الحاجة، يقوم مولّدنا هذا باستخدام كلمات من قاموس يحوي على أكثر من 200 كلمة لا تينية، مضاف إليها مجموعة من الجمل النموذجية، لتكوين نص لوريم إيبسوم ذو شكل منطقي قريب إلى النص الحقيقي. وبالتالي يكون النص الناتح خالي من التكرار، أو أي كلمات أو عبارات غير لائقة أو ما شابه. وهذا ما يجعله أول مولّد نص لوريم إيبسوم حقيقي على الإنترنت.</p>', '<p>There are many variations of passages of Lorem Ipsum available, but the majority have suffered alteration in some form, by injected humour, or randomised words which don&#39;t look even slightly believable. If you are going to use a passage of Lorem Ipsum, you need to be sure there isn&#39;t anything embarrassing hidden in the middle of text. All the Lorem Ipsum generators on the Internet tend to repeat predefined chunks as necessary, making this the first true generator on the Internet. It uses a dictionary of over 200 Latin words, combined with a handful of model sentence structures, to generate Lorem Ipsum which looks reasonable. The generated Lorem Ipsum is therefore always free from repetition, injected humour, or non-characteristic words etc.</p>', 15, 'CIFu6.product03.jpg', 'yes', '2019-01-13 21:16:40', '2019-01-14 00:19:07');

-- --------------------------------------------------------

--
-- Table structure for table `projects`
--

CREATE TABLE `projects` (
  `id` int(10) UNSIGNED NOT NULL,
  `ar_name` varchar(255) COLLATE utf8mb4_unicode_ci NOT NULL,
  `en_name` varchar(255) COLLATE utf8mb4_unicode_ci NOT NULL,
  `ar_desc` text COLLATE utf8mb4_unicode_ci NOT NULL,
  `en_desc` text COLLATE utf8mb4_unicode_ci NOT NULL,
  `image` varchar(255) COLLATE utf8mb4_unicode_ci NOT NULL,
  `sort` int(11) NOT NULL,
  `active` enum('yes','no') COLLATE utf8mb4_unicode_ci NOT NULL,
  `index` enum('yes','no') COLLATE utf8mb4_unicode_ci NOT NULL,
  `created_at` varchar(255) COLLATE utf8mb4_unicode_ci DEFAULT NULL,
  `updated_at` varchar(255) COLLATE utf8mb4_unicode_ci DEFAULT NULL
) ENGINE=InnoDB DEFAULT CHARSET=utf8mb4 COLLATE=utf8mb4_unicode_ci;

--
-- Dumping data for table `projects`
--

INSERT INTO `projects` (`id`, `ar_name`, `en_name`, `ar_desc`, `en_desc`, `image`, `sort`, `active`, `index`, `created_at`, `updated_at`) VALUES
(6, 'بلدية الكويت', 'Kuwait Municipality', '<p><span dir=\"RTL\">مشروع الإضاءات الخارجية وزينة الأعياد الوطنية لمباني بلدية الكويت الرئيسية بمنطقة المرقاب بالكويت 2015- 2016- 2017- 2018- 2019- 2020- 2021</span></p>', '<p>External lighting and decoration of national holidays for the main building of Kuwait Municipality in Al-Merqab area, Kuwait (2015-2016 -2017-2018019-2020-2021).</p>', '1RGnn.F5p5y.kuwait municipality.jpg', 1, 'yes', 'yes', '2019-04-18 16:45:23', '2019-04-21 15:53:50'),
(7, 'مجمع البنوك الكويت', 'Joint Banks Complex Kuwait City, Kuwait', '<p>مشروع الإضاءات الخارجية وزينة الأعياد الوطنية لمباني مجمع البنوك في منطقة شرق بالكويت &nbsp;2018 والتطوير في 2019</p>', '<p>External lights and National Holiday Decorations, The buildings of the Joint Banks Complex in the Sharq area of Kuwait (2018) and the development in (2019)</p>', 'cBhsW.v57ji.Untitled-123.jpg', 2, 'yes', 'yes', '2019-04-18 16:46:38', '2019-04-18 16:46:38'),
(8, 'مركز الجار الله الألماني التخصصي', 'AL jarallah german clinic', '<p>مشروع الإضاءات الخارجية لمبني مركز الجار الله الألماني التخصصي في منطقة حولي &nbsp;2016</p>', '<p>External lighting of the building of Al-Jarallah German Specialist Center in Hawalli (2016)</p>', 'JTRM5.65.4543.jpeg', 3, 'yes', 'yes', '2019-04-18 16:47:39', '2019-04-18 16:47:39'),
(9, 'مطار الكويت الدولي', 'Kuwait International Airport', '<p>مشروع الإضاءات الخارجية وزينة الأعياد الوطنية لمطار الكويت الدولي&nbsp;2016</p>', '<p>External lights and National Holiday Decorations for Kuwait International Airport (2016).</p>', 'SMagf.airport.jpg', 4, 'yes', 'yes', '2019-04-18 16:48:52', '2019-04-18 16:48:52'),
(10, 'مجمع القاهرة', 'Cairo Complex', '<p>&nbsp;مشروع الإضاءات الخارجية لمبني مجمع القاهرة في منطقة حولي &nbsp;2017</p>', '<p>External lighting of the building of the Cairo Complex in Hawalli (2017).</p>', 'vvB8L.cairo complex.jpg', 5, 'yes', 'yes', '2019-04-18 16:50:03', '2019-04-18 16:50:03'),
(11, 'فندق كويت كونتنينتال', 'Kuwait Continental Hotel', '<p>مشروع الإضاءات الخارجية لمبني فندق كويت كونتنينتال في منطقة بنيد القار 2018</p>', '<p>Exterior lighting of the Kuwait Continental Hotel building in Benid Al-Qar area 2018</p>', 'wbu1U.كويت كونتينتال.jpg', 6, 'yes', 'yes', '2019-04-18 16:52:17', '2019-04-18 16:52:17'),
(12, 'فندق كونتنينتال سويت', 'Continental Suite', '<p>مشروع الإضاءات الخارجية لمبني فندق كونتنينتال سويت &nbsp;في منطقة الفروانية &nbsp;2018</p>', '<p>&nbsp;Exterior lighting of the Continental Suite Hotel building in Farwaniya 2018</p>', '1WdRV.سعهفث.jpg', 7, 'yes', 'yes', '2019-04-18 16:56:22', '2019-04-18 16:56:22'),
(13, 'سوق شرق', 'Sharq Market', '<p>مشروع الزينة والإضاءات الخارجية لسوق شرق 2016 &ndash; 2017</p>', '<p>Project decorations and external lights of the Sharq Market (2016 - 2017)</p>', 'pZXPM.سوق شرق.jpg', 8, 'yes', 'yes', '2019-04-18 16:57:23', '2019-04-18 16:57:23'),
(14, 'رمال مول', 'Remal mall', '<p>مشروع الإضاءات الخارجية لمبني رمال مول بالفحيحيل</p>', '<p>The external lighting of the building of Ramal Mall in Fahaheel.</p>', 'NdPxr.dsff.jpg', 9, 'yes', 'yes', '2019-04-18 16:58:13', '2019-04-18 16:58:13');

-- --------------------------------------------------------

--
-- Table structure for table `screens`
--

CREATE TABLE `screens` (
  `id` int(10) UNSIGNED NOT NULL,
  `ar_name` varchar(255) COLLATE utf8mb4_unicode_ci NOT NULL,
  `en_name` varchar(255) COLLATE utf8mb4_unicode_ci NOT NULL,
  `ar_desc` text COLLATE utf8mb4_unicode_ci NOT NULL,
  `en_desc` text COLLATE utf8mb4_unicode_ci NOT NULL,
  `image` varchar(255) COLLATE utf8mb4_unicode_ci NOT NULL,
  `file` varchar(255) COLLATE utf8mb4_unicode_ci NOT NULL,
  `sort` int(11) NOT NULL,
  `active` enum('yes','no') COLLATE utf8mb4_unicode_ci NOT NULL,
  `created_at` varchar(255) COLLATE utf8mb4_unicode_ci DEFAULT NULL,
  `updated_at` varchar(255) COLLATE utf8mb4_unicode_ci DEFAULT NULL
) ENGINE=InnoDB DEFAULT CHARSET=utf8mb4 COLLATE=utf8mb4_unicode_ci;

--
-- Dumping data for table `screens`
--

INSERT INTO `screens` (`id`, `ar_name`, `en_name`, `ar_desc`, `en_desc`, `image`, `file`, `sort`, `active`, `created_at`, `updated_at`) VALUES
(1, 'الصمام الدائري العرض', 'LED Ring Display', '<p>هنالك العديد من الأنواع المتوفرة لنصوص لوريم إيبسوم، ولكن الغالبية تم تعديلها بشكل ما عبر إدخال بعض النوادر أو الكلمات العشوائية إلى النص. إن كنت تريد أن تستخدم نص لوريم إيبسوم ما، عليك أن تتحقق أولاً أن ليس هناك أي كلمات أو عبارات محرجة أو غير لائقة مخبأة في هذا النص. بينما تعمل جميع مولّدات نصوص لوريم إيبسوم على الإنترنت على إعادة تكرار مقاطع من نص لوريم إيبسوم نفسه عدة مرات بما تتطلبه الحاجة، يقوم مولّدنا هذا باستخدام كلمات من قاموس يحوي على أكثر من 200 كلمة لا تينية، مضاف إليها مجموعة من الجمل النموذجية، لتكوين نص لوريم إيبسوم ذو شكل منطقي قريب إلى النص الحقيقي. وبالتالي يكون النص الناتح خالي من التكرار، أو أي كلمات أو عبارات غير لائقة أو ما شابه. وهذا ما يجعله أول مولّد نص لوريم إيبسوم حقيقي على الإنترنت.</p>\r\n\r\n<p>هنالك العديد من الأنواع المتوفرة لنصوص لوريم إيبسوم، ولكن الغالبية تم تعديلها بشكل ما عبر إدخال بعض النوادر أو الكلمات العشوائية إلى النص. إن كنت تريد أن تستخدم نص لوريم إيبسوم ما، عليك أن تتحقق أولاً أن ليس هناك أي كلمات أو عبارات محرجة أو غير لائقة مخبأة في هذا النص. بينما تعمل جميع مولّدات نصوص لوريم إيبسوم على الإنترنت على إعادة تكرار مقاطع من نص لوريم إيبسوم نفسه عدة مرات بما تتطلبه الحاجة، يقوم مولّدنا هذا باستخدام كلمات من قاموس يحوي على أكثر من 200 كلمة لا تينية، مضاف إليها مجموعة من الجمل النموذجية، لتكوين نص لوريم إيبسوم ذو شكل منطقي قريب إلى النص الحقيقي. وبالتالي يكون النص الناتح خالي من التكرار، أو أي كلمات أو عبارات غير لائقة أو ما شابه. وهذا ما يجعله أول مولّد نص لوريم إيبسوم حقيقي على الإنترنت.</p>', '<p>There are many variations of passages of Lorem Ipsum available, but the majority have suffered alteration in some form, by injected humour, or randomised words which don&#39;t look even slightly believable. If you are going to use a passage of Lorem Ipsum, you need to be sure there isn&#39;t anything embarrassing hidden in the middle of text. All the Lorem Ipsum generators on the Internet tend to repeat predefined chunks as necessary, making this the first true generator on the Internet. It uses a dictionary of over 200 Latin words, combined with a handful of model sentence structures, to generate Lorem Ipsum which looks reasonable. The generated Lorem Ipsum is therefore always free from repetition, injected humour, or non-characteristic words etc.</p>\r\n\r\n<p>There are many variations of passages of Lorem Ipsum available, but the majority have suffered alteration in some form, by injected humour, or randomised words which don&#39;t look even slightly believable. If you are going to use a passage of Lorem Ipsum, you need to be sure there isn&#39;t anything embarrassing hidden in the middle of text. All the Lorem Ipsum generators on the Internet tend to repeat predefined chunks as necessary, making this the first true generator on the Internet. It uses a dictionary of over 200 Latin words, combined with a handful of model sentence structures, to generate Lorem Ipsum which looks reasonable. The generated Lorem Ipsum is therefore always free from repetition, injected humour, or non-characteristic words etc.</p>', 'eubbe.product01.jpg', 'e1VEy.Development Overall System Architecture.pdf', 1, 'yes', '2019-01-13 21:21:22', '2019-01-13 21:21:22'),
(2, 'الصمام الدائري العرض', 'LED Ring Display', '<p>هنالك العديد من الأنواع المتوفرة لنصوص لوريم إيبسوم، ولكن الغالبية تم تعديلها بشكل ما عبر إدخال بعض النوادر أو الكلمات العشوائية إلى النص. إن كنت تريد أن تستخدم نص لوريم إيبسوم ما، عليك أن تتحقق أولاً أن ليس هناك أي كلمات أو عبارات محرجة أو غير لائقة مخبأة في هذا النص. بينما تعمل جميع مولّدات نصوص لوريم إيبسوم على الإنترنت على إعادة تكرار مقاطع من نص لوريم إيبسوم نفسه عدة مرات بما تتطلبه الحاجة، يقوم مولّدنا هذا باستخدام كلمات من قاموس يحوي على أكثر من 200 كلمة لا تينية، مضاف إليها مجموعة من الجمل النموذجية، لتكوين نص لوريم إيبسوم ذو شكل منطقي قريب إلى النص الحقيقي. وبالتالي يكون النص الناتح خالي من التكرار، أو أي كلمات أو عبارات غير لائقة أو ما شابه. وهذا ما يجعله أول مولّد نص لوريم إيبسوم حقيقي على الإنترنت.</p>\r\n\r\n<p>هنالك العديد من الأنواع المتوفرة لنصوص لوريم إيبسوم، ولكن الغالبية تم تعديلها بشكل ما عبر إدخال بعض النوادر أو الكلمات العشوائية إلى النص. إن كنت تريد أن تستخدم نص لوريم إيبسوم ما، عليك أن تتحقق أولاً أن ليس هناك أي كلمات أو عبارات محرجة أو غير لائقة مخبأة في هذا النص. بينما تعمل جميع مولّدات نصوص لوريم إيبسوم على الإنترنت على إعادة تكرار مقاطع من نص لوريم إيبسوم نفسه عدة مرات بما تتطلبه الحاجة، يقوم مولّدنا هذا باستخدام كلمات من قاموس يحوي على أكثر من 200 كلمة لا تينية، مضاف إليها مجموعة من الجمل النموذجية، لتكوين نص لوريم إيبسوم ذو شكل منطقي قريب إلى النص الحقيقي. وبالتالي يكون النص الناتح خالي من التكرار، أو أي كلمات أو عبارات غير لائقة أو ما شابه. وهذا ما يجعله أول مولّد نص لوريم إيبسوم حقيقي على الإنترنت.</p>', '<p>There are many variations of passages of Lorem Ipsum available, but the majority have suffered alteration in some form, by injected humour, or randomised words which don&#39;t look even slightly believable. If you are going to use a passage of Lorem Ipsum, you need to be sure there isn&#39;t anything embarrassing hidden in the middle of text. All the Lorem Ipsum generators on the Internet tend to repeat predefined chunks as necessary, making this the first true generator on the Internet. It uses a dictionary of over 200 Latin words, combined with a handful of model sentence structures, to generate Lorem Ipsum which looks reasonable. The generated Lorem Ipsum is therefore always free from repetition, injected humour, or non-characteristic words etc.</p>\r\n\r\n<p>There are many variations of passages of Lorem Ipsum available, but the majority have suffered alteration in some form, by injected humour, or randomised words which don&#39;t look even slightly believable. If you are going to use a passage of Lorem Ipsum, you need to be sure there isn&#39;t anything embarrassing hidden in the middle of text. All the Lorem Ipsum generators on the Internet tend to repeat predefined chunks as necessary, making this the first true generator on the Internet. It uses a dictionary of over 200 Latin words, combined with a handful of model sentence structures, to generate Lorem Ipsum which looks reasonable. The generated Lorem Ipsum is therefore always free from repetition, injected humour, or non-characteristic words etc.</p>', '9xW6x.product02.jpg', 'suT33.Development Overall System Architecture.pdf', 2, 'yes', '2019-01-13 21:21:22', '2019-01-13 21:22:29'),
(3, 'الصمام الدائري العرض', 'LED Ring Display', '<p>هنالك العديد من الأنواع المتوفرة لنصوص لوريم إيبسوم، ولكن الغالبية تم تعديلها بشكل ما عبر إدخال بعض النوادر أو الكلمات العشوائية إلى النص. إن كنت تريد أن تستخدم نص لوريم إيبسوم ما، عليك أن تتحقق أولاً أن ليس هناك أي كلمات أو عبارات محرجة أو غير لائقة مخبأة في هذا النص. بينما تعمل جميع مولّدات نصوص لوريم إيبسوم على الإنترنت على إعادة تكرار مقاطع من نص لوريم إيبسوم نفسه عدة مرات بما تتطلبه الحاجة، يقوم مولّدنا هذا باستخدام كلمات من قاموس يحوي على أكثر من 200 كلمة لا تينية، مضاف إليها مجموعة من الجمل النموذجية، لتكوين نص لوريم إيبسوم ذو شكل منطقي قريب إلى النص الحقيقي. وبالتالي يكون النص الناتح خالي من التكرار، أو أي كلمات أو عبارات غير لائقة أو ما شابه. وهذا ما يجعله أول مولّد نص لوريم إيبسوم حقيقي على الإنترنت.</p>\r\n\r\n<p>هنالك العديد من الأنواع المتوفرة لنصوص لوريم إيبسوم، ولكن الغالبية تم تعديلها بشكل ما عبر إدخال بعض النوادر أو الكلمات العشوائية إلى النص. إن كنت تريد أن تستخدم نص لوريم إيبسوم ما، عليك أن تتحقق أولاً أن ليس هناك أي كلمات أو عبارات محرجة أو غير لائقة مخبأة في هذا النص. بينما تعمل جميع مولّدات نصوص لوريم إيبسوم على الإنترنت على إعادة تكرار مقاطع من نص لوريم إيبسوم نفسه عدة مرات بما تتطلبه الحاجة، يقوم مولّدنا هذا باستخدام كلمات من قاموس يحوي على أكثر من 200 كلمة لا تينية، مضاف إليها مجموعة من الجمل النموذجية، لتكوين نص لوريم إيبسوم ذو شكل منطقي قريب إلى النص الحقيقي. وبالتالي يكون النص الناتح خالي من التكرار، أو أي كلمات أو عبارات غير لائقة أو ما شابه. وهذا ما يجعله أول مولّد نص لوريم إيبسوم حقيقي على الإنترنت.</p>', '<p>There are many variations of passages of Lorem Ipsum available, but the majority have suffered alteration in some form, by injected humour, or randomised words which don&#39;t look even slightly believable. If you are going to use a passage of Lorem Ipsum, you need to be sure there isn&#39;t anything embarrassing hidden in the middle of text. All the Lorem Ipsum generators on the Internet tend to repeat predefined chunks as necessary, making this the first true generator on the Internet. It uses a dictionary of over 200 Latin words, combined with a handful of model sentence structures, to generate Lorem Ipsum which looks reasonable. The generated Lorem Ipsum is therefore always free from repetition, injected humour, or non-characteristic words etc.</p>\r\n\r\n<p>There are many variations of passages of Lorem Ipsum available, but the majority have suffered alteration in some form, by injected humour, or randomised words which don&#39;t look even slightly believable. If you are going to use a passage of Lorem Ipsum, you need to be sure there isn&#39;t anything embarrassing hidden in the middle of text. All the Lorem Ipsum generators on the Internet tend to repeat predefined chunks as necessary, making this the first true generator on the Internet. It uses a dictionary of over 200 Latin words, combined with a handful of model sentence structures, to generate Lorem Ipsum which looks reasonable. The generated Lorem Ipsum is therefore always free from repetition, injected humour, or non-characteristic words etc.</p>', 'kpm9E.product03.jpg', 'BNGKN.Development Overall System Architecture.pdf', 3, 'yes', '2019-01-13 21:21:22', '2019-01-13 21:22:47');

-- --------------------------------------------------------

--
-- Table structure for table `services`
--

CREATE TABLE `services` (
  `id` int(10) UNSIGNED NOT NULL,
  `ar_name` varchar(255) COLLATE utf8mb4_unicode_ci NOT NULL,
  `en_name` varchar(255) COLLATE utf8mb4_unicode_ci NOT NULL,
  `ar_desc` text COLLATE utf8mb4_unicode_ci NOT NULL,
  `en_desc` text COLLATE utf8mb4_unicode_ci NOT NULL,
  `image` varchar(255) COLLATE utf8mb4_unicode_ci NOT NULL,
  `sort` int(11) NOT NULL,
  `active` enum('yes','no') COLLATE utf8mb4_unicode_ci NOT NULL,
  `created_at` varchar(255) COLLATE utf8mb4_unicode_ci DEFAULT NULL,
  `updated_at` varchar(255) COLLATE utf8mb4_unicode_ci DEFAULT NULL
) ENGINE=InnoDB DEFAULT CHARSET=utf8mb4 COLLATE=utf8mb4_unicode_ci;

--
-- Dumping data for table `services`
--

INSERT INTO `services` (`id`, `ar_name`, `en_name`, `ar_desc`, `en_desc`, `image`, `sort`, `active`, `created_at`, `updated_at`) VALUES
(1, 'الصمام الدائري العرض ٢', 'LED Ring Display', '<p>هنالك العديد من الأنواع المتوفرة لنصوص لوريم إيبسوم، ولكن الغالبية تم تعديلها بشكل ما عبر إدخال بعض النوادر أو الكلمات العشوائية إلى النص. إن كنت تريد أن تستخدم نص لوريم إيبسوم ما، عليك أن تتحقق أولاً أن ليس هناك أي كلمات أو عبارات محرجة أو غير لائقة مخبأة في هذا النص. بينما تعمل جميع مولّدات نصوص لوريم إيبسوم على الإنترنت على إعادة تكرار مقاطع من نص لوريم إيبسوم نفسه عدة مرات بما تتطلبه الحاجة، يقوم مولّدنا هذا باستخدام كلمات من قاموس يحوي على أكثر من 200 كلمة لا تينية، مضاف إليها مجموعة من الجمل النموذجية، لتكوين نص لوريم إيبسوم ذو شكل منطقي قريب إلى النص الحقيقي. وبالتالي يكون النص الناتح خالي من التكرار، أو أي كلمات أو عبارات غير لائقة أو ما شابه. وهذا ما يجعله أول مولّد نص لوريم إيبسوم حقيقي على الإنترنت.</p>\r\n\r\n<p>هنالك العديد من الأنواع المتوفرة لنصوص لوريم إيبسوم، ولكن الغالبية تم تعديلها بشكل ما عبر إدخال بعض النوادر أو الكلمات العشوائية إلى النص. إن كنت تريد أن تستخدم نص لوريم إيبسوم ما، عليك أن تتحقق أولاً أن ليس هناك أي كلمات أو عبارات محرجة أو غير لائقة مخبأة في هذا النص. بينما تعمل جميع مولّدات نصوص لوريم إيبسوم على الإنترنت على إعادة تكرار مقاطع من نص لوريم إيبسوم نفسه عدة مرات بما تتطلبه الحاجة، يقوم مولّدنا هذا باستخدام كلمات من قاموس يحوي على أكثر من 200 كلمة لا تينية، مضاف إليها مجموعة من الجمل النموذجية، لتكوين نص لوريم إيبسوم ذو شكل منطقي قريب إلى النص الحقيقي. وبالتالي يكون النص الناتح خالي من التكرار، أو أي كلمات أو عبارات غير لائقة أو ما شابه. وهذا ما يجعله أول مولّد نص لوريم إيبسوم حقيقي على الإنترنت.</p>', '<p>There are many variations of passages of Lorem Ipsum available, but the majority have suffered alteration in some form, by injected humour, or randomised words which don&#39;t look even slightly believable. If you are going to use a passage of Lorem Ipsum, you need to be sure there isn&#39;t anything embarrassing hidden in the middle of text. All the Lorem Ipsum generators on the Internet tend to repeat predefined chunks as necessary, making this the first true generator on the Internet. It uses a dictionary of over 200 Latin words, combined with a handful of model sentence structures, to generate Lorem Ipsum which looks reasonable. The generated Lorem Ipsum is therefore always free from repetition, injected humour, or non-characteristic words etc.</p>\r\n\r\n<p>There are many variations of passages of Lorem Ipsum available, but the majority have suffered alteration in some form, by injected humour, or randomised words which don&#39;t look even slightly believable. If you are going to use a passage of Lorem Ipsum, you need to be sure there isn&#39;t anything embarrassing hidden in the middle of text. All the Lorem Ipsum generators on the Internet tend to repeat predefined chunks as necessary, making this the first true generator on the Internet. It uses a dictionary of over 200 Latin words, combined with a handful of model sentence structures, to generate Lorem Ipsum which looks reasonable. The generated Lorem Ipsum is therefore always free from repetition, injected humour, or non-characteristic words etc.</p>', 'ZWszV.product01.jpg', 1, 'yes', '2019-01-13 21:06:47', '2019-01-13 23:03:38'),
(2, 'الصمام الدائري العرض ٢', 'LED Ring Display', '<p>هنالك العديد من الأنواع المتوفرة لنصوص لوريم إيبسوم، ولكن الغالبية تم تعديلها بشكل ما عبر إدخال بعض النوادر أو الكلمات العشوائية إلى النص. إن كنت تريد أن تستخدم نص لوريم إيبسوم ما، عليك أن تتحقق أولاً أن ليس هناك أي كلمات أو عبارات محرجة أو غير لائقة مخبأة في هذا النص. بينما تعمل جميع مولّدات نصوص لوريم إيبسوم على الإنترنت على إعادة تكرار مقاطع من نص لوريم إيبسوم نفسه عدة مرات بما تتطلبه الحاجة، يقوم مولّدنا هذا باستخدام كلمات من قاموس يحوي على أكثر من 200 كلمة لا تينية، مضاف إليها مجموعة من الجمل النموذجية، لتكوين نص لوريم إيبسوم ذو شكل منطقي قريب إلى النص الحقيقي. وبالتالي يكون النص الناتح خالي من التكرار، أو أي كلمات أو عبارات غير لائقة أو ما شابه. وهذا ما يجعله أول مولّد نص لوريم إيبسوم حقيقي على الإنترنت.</p>\r\n\r\n<p>هنالك العديد من الأنواع المتوفرة لنصوص لوريم إيبسوم، ولكن الغالبية تم تعديلها بشكل ما عبر إدخال بعض النوادر أو الكلمات العشوائية إلى النص. إن كنت تريد أن تستخدم نص لوريم إيبسوم ما، عليك أن تتحقق أولاً أن ليس هناك أي كلمات أو عبارات محرجة أو غير لائقة مخبأة في هذا النص. بينما تعمل جميع مولّدات نصوص لوريم إيبسوم على الإنترنت على إعادة تكرار مقاطع من نص لوريم إيبسوم نفسه عدة مرات بما تتطلبه الحاجة، يقوم مولّدنا هذا باستخدام كلمات من قاموس يحوي على أكثر من 200 كلمة لا تينية، مضاف إليها مجموعة من الجمل النموذجية، لتكوين نص لوريم إيبسوم ذو شكل منطقي قريب إلى النص الحقيقي. وبالتالي يكون النص الناتح خالي من التكرار، أو أي كلمات أو عبارات غير لائقة أو ما شابه. وهذا ما يجعله أول مولّد نص لوريم إيبسوم حقيقي على الإنترنت.</p>', '<p>There are many variations of passages of Lorem Ipsum available, but the majority have suffered alteration in some form, by injected humour, or randomised words which don&#39;t look even slightly believable. If you are going to use a passage of Lorem Ipsum, you need to be sure there isn&#39;t anything embarrassing hidden in the middle of text. All the Lorem Ipsum generators on the Internet tend to repeat predefined chunks as necessary, making this the first true generator on the Internet. It uses a dictionary of over 200 Latin words, combined with a handful of model sentence structures, to generate Lorem Ipsum which looks reasonable. The generated Lorem Ipsum is therefore always free from repetition, injected humour, or non-characteristic words etc.</p>\r\n\r\n<p>There are many variations of passages of Lorem Ipsum available, but the majority have suffered alteration in some form, by injected humour, or randomised words which don&#39;t look even slightly believable. If you are going to use a passage of Lorem Ipsum, you need to be sure there isn&#39;t anything embarrassing hidden in the middle of text. All the Lorem Ipsum generators on the Internet tend to repeat predefined chunks as necessary, making this the first true generator on the Internet. It uses a dictionary of over 200 Latin words, combined with a handful of model sentence structures, to generate Lorem Ipsum which looks reasonable. The generated Lorem Ipsum is therefore always free from repetition, injected humour, or non-characteristic words etc.</p>', '89WNn.product02.jpg', 2, 'yes', '2019-01-13 21:07:49', '2019-01-13 21:07:49'),
(3, 'الصمام الدائري العرض ٢', 'LED Ring Display', '<p>هنالك العديد من الأنواع المتوفرة لنصوص لوريم إيبسوم، ولكن الغالبية تم تعديلها بشكل ما عبر إدخال بعض النوادر أو الكلمات العشوائية إلى النص. إن كنت تريد أن تستخدم نص لوريم إيبسوم ما، عليك أن تتحقق أولاً أن ليس هناك أي كلمات أو عبارات محرجة أو غير لائقة مخبأة في هذا النص. بينما تعمل جميع مولّدات نصوص لوريم إيبسوم على الإنترنت على إعادة تكرار مقاطع من نص لوريم إيبسوم نفسه عدة مرات بما تتطلبه الحاجة، يقوم مولّدنا هذا باستخدام كلمات من قاموس يحوي على أكثر من 200 كلمة لا تينية، مضاف إليها مجموعة من الجمل النموذجية، لتكوين نص لوريم إيبسوم ذو شكل منطقي قريب إلى النص الحقيقي. وبالتالي يكون النص الناتح خالي من التكرار، أو أي كلمات أو عبارات غير لائقة أو ما شابه. وهذا ما يجعله أول مولّد نص لوريم إيبسوم حقيقي على الإنترنت.</p>\r\n\r\n<p>هنالك العديد من الأنواع المتوفرة لنصوص لوريم إيبسوم، ولكن الغالبية تم تعديلها بشكل ما عبر إدخال بعض النوادر أو الكلمات العشوائية إلى النص. إن كنت تريد أن تستخدم نص لوريم إيبسوم ما، عليك أن تتحقق أولاً أن ليس هناك أي كلمات أو عبارات محرجة أو غير لائقة مخبأة في هذا النص. بينما تعمل جميع مولّدات نصوص لوريم إيبسوم على الإنترنت على إعادة تكرار مقاطع من نص لوريم إيبسوم نفسه عدة مرات بما تتطلبه الحاجة، يقوم مولّدنا هذا باستخدام كلمات من قاموس يحوي على أكثر من 200 كلمة لا تينية، مضاف إليها مجموعة من الجمل النموذجية، لتكوين نص لوريم إيبسوم ذو شكل منطقي قريب إلى النص الحقيقي. وبالتالي يكون النص الناتح خالي من التكرار، أو أي كلمات أو عبارات غير لائقة أو ما شابه. وهذا ما يجعله أول مولّد نص لوريم إيبسوم حقيقي على الإنترنت.</p>', '<p>There are many variations of passages of Lorem Ipsum available, but the majority have suffered alteration in some form, by injected humour, or randomised words which don&#39;t look even slightly believable. If you are going to use a passage of Lorem Ipsum, you need to be sure there isn&#39;t anything embarrassing hidden in the middle of text. All the Lorem Ipsum generators on the Internet tend to repeat predefined chunks as necessary, making this the first true generator on the Internet. It uses a dictionary of over 200 Latin words, combined with a handful of model sentence structures, to generate Lorem Ipsum which looks reasonable. The generated Lorem Ipsum is therefore always free from repetition, injected humour, or non-characteristic words etc.</p>\r\n\r\n<p>There are many variations of passages of Lorem Ipsum available, but the majority have suffered alteration in some form, by injected humour, or randomised words which don&#39;t look even slightly believable. If you are going to use a passage of Lorem Ipsum, you need to be sure there isn&#39;t anything embarrassing hidden in the middle of text. All the Lorem Ipsum generators on the Internet tend to repeat predefined chunks as necessary, making this the first true generator on the Internet. It uses a dictionary of over 200 Latin words, combined with a handful of model sentence structures, to generate Lorem Ipsum which looks reasonable. The generated Lorem Ipsum is therefore always free from repetition, injected humour, or non-characteristic words etc.</p>', 'hIlnL.product03.jpg', 3, 'yes', '2019-01-13 21:08:21', '2019-01-13 23:03:58');

-- --------------------------------------------------------

--
-- Table structure for table `site`
--

CREATE TABLE `site` (
  `id` int(10) UNSIGNED NOT NULL,
  `ar_title` varchar(255) COLLATE utf8mb4_unicode_ci NOT NULL,
  `en_title` varchar(255) COLLATE utf8mb4_unicode_ci NOT NULL,
  `ar_desc` text COLLATE utf8mb4_unicode_ci NOT NULL,
  `en_desc` text COLLATE utf8mb4_unicode_ci NOT NULL,
  `ar_address` varchar(255) COLLATE utf8mb4_unicode_ci NOT NULL,
  `en_address` varchar(255) COLLATE utf8mb4_unicode_ci NOT NULL,
  `tags` varchar(255) COLLATE utf8mb4_unicode_ci NOT NULL,
  `email` varchar(255) COLLATE utf8mb4_unicode_ci NOT NULL,
  `phone` varchar(255) COLLATE utf8mb4_unicode_ci NOT NULL,
  `mobile` varchar(255) COLLATE utf8mb4_unicode_ci NOT NULL,
  `facebook` varchar(255) COLLATE utf8mb4_unicode_ci NOT NULL,
  `twitter` varchar(255) COLLATE utf8mb4_unicode_ci NOT NULL,
  `youtube` varchar(255) COLLATE utf8mb4_unicode_ci NOT NULL,
  `instagram` varchar(255) COLLATE utf8mb4_unicode_ci NOT NULL,
  `snapchat` varchar(255) COLLATE utf8mb4_unicode_ci NOT NULL,
  `catalog` varchar(255) COLLATE utf8mb4_unicode_ci NOT NULL,
  `lat` varchar(255) COLLATE utf8mb4_unicode_ci NOT NULL,
  `lng` varchar(255) COLLATE utf8mb4_unicode_ci NOT NULL,
  `logo` varchar(255) COLLATE utf8mb4_unicode_ci NOT NULL,
  `about_image` varchar(255) COLLATE utf8mb4_unicode_ci NOT NULL,
  `created_at` varchar(255) COLLATE utf8mb4_unicode_ci DEFAULT NULL,
  `updated_at` varchar(255) COLLATE utf8mb4_unicode_ci DEFAULT NULL
) ENGINE=InnoDB DEFAULT CHARSET=utf8mb4 COLLATE=utf8mb4_unicode_ci;

--
-- Dumping data for table `site`
--

INSERT INTO `site` (`id`, `ar_title`, `en_title`, `ar_desc`, `en_desc`, `ar_address`, `en_address`, `tags`, `email`, `phone`, `mobile`, `facebook`, `twitter`, `youtube`, `instagram`, `snapchat`, `catalog`, `lat`, `lng`, `logo`, `about_image`, `created_at`, `updated_at`) VALUES
(1, 'لوك لايك', 'Look Like Led', 'شركة لوك لايك  للدعايه والاعلان هي احدي الشركات الرائدة في الكويت في مجال الإضاءات الخارجية للمباني بأحدث البرامج والأنظمة الحديثة والمتحركة ومتعددة الالوان وكذلك تصنيع وبيع وتركيب وصيانة الشاشات الخارجية والداخلية العملاقة بأحدث التقنيات والتكنولوجيا الحديثة', 'look like led indoor and outdoor lighting ( RGB ) - led display screens', 'حولي , شارع تونس , برج كابيتال , الدور 21', 'Floor 21, Capital Tower, Tunis st., Hawally, Kuwait', 'Kuwait , look , like , led', 'info@looklikeled.com', '22088593 -22088594', '90050204 - 90050206', 'https://www.facebook.com/Looklike-Led-329517261167066/', 'https://twitter.com/LookLikeled', 'https://www.youtube.com/channel/UCJYNj9q1Bm8UsE4rD8oJLLQ', 'https://www.instagram.com/looklikeled/', 'https://www.snapchat.com/', 'Ts3J4.Development Overall System Architecture.pdf', '29.344184280847877', '48.01673368260947', 'P7r38.logo.png', 'zXB9r.about.png', NULL, '2019-05-01 16:17:02');

-- --------------------------------------------------------

--
-- Table structure for table `slider`
--

CREATE TABLE `slider` (
  `id` int(10) UNSIGNED NOT NULL,
  `ar_title` varchar(255) COLLATE utf8mb4_unicode_ci NOT NULL,
  `en_title` varchar(255) COLLATE utf8mb4_unicode_ci NOT NULL,
  `ar_desc` text COLLATE utf8mb4_unicode_ci NOT NULL,
  `en_desc` text COLLATE utf8mb4_unicode_ci NOT NULL,
  `link` varchar(255) COLLATE utf8mb4_unicode_ci NOT NULL,
  `image` varchar(255) COLLATE utf8mb4_unicode_ci NOT NULL,
  `created_at` varchar(255) COLLATE utf8mb4_unicode_ci DEFAULT NULL,
  `updated_at` varchar(255) COLLATE utf8mb4_unicode_ci DEFAULT NULL
) ENGINE=InnoDB DEFAULT CHARSET=utf8mb4 COLLATE=utf8mb4_unicode_ci;

--
-- Dumping data for table `slider`
--

INSERT INTO `slider` (`id`, `ar_title`, `en_title`, `ar_desc`, `en_desc`, `link`, `image`, `created_at`, `updated_at`) VALUES
(15, 'الشاشة الداخلية', 'Indoor Screen', '', '', '', 'dN7Wq.Untitled-11.jpg', '2019-04-21 16:39:34', '2019-04-21 16:39:34'),
(27, 'تجربه', 'test', '', '', '', 'CVRly.2300.jpg', '2019-04-25 11:51:22', '2019-04-25 11:51:22'),
(28, 'تجربه', 'test', '', '', '', 'o3LTq.850.jpg', '2019-04-25 12:05:54', '2019-04-25 12:05:54');

--
-- Indexes for dumped tables
--

--
-- Indexes for table `actions`
--
ALTER TABLE `actions`
  ADD PRIMARY KEY (`id`);

--
-- Indexes for table `categories`
--
ALTER TABLE `categories`
  ADD PRIMARY KEY (`id`);

--
-- Indexes for table `clients`
--
ALTER TABLE `clients`
  ADD PRIMARY KEY (`id`);

--
-- Indexes for table `contact`
--
ALTER TABLE `contact`
  ADD PRIMARY KEY (`id`);

--
-- Indexes for table `gallery`
--
ALTER TABLE `gallery`
  ADD PRIMARY KEY (`id`);

--
-- Indexes for table `gallery_depts`
--
ALTER TABLE `gallery_depts`
  ADD PRIMARY KEY (`id`);

--
-- Indexes for table `groups`
--
ALTER TABLE `groups`
  ADD PRIMARY KEY (`id`);

--
-- Indexes for table `migrations`
--
ALTER TABLE `migrations`
  ADD PRIMARY KEY (`id`);

--
-- Indexes for table `news`
--
ALTER TABLE `news`
  ADD PRIMARY KEY (`id`);

--
-- Indexes for table `pages`
--
ALTER TABLE `pages`
  ADD PRIMARY KEY (`id`);

--
-- Indexes for table `permissions`
--
ALTER TABLE `permissions`
  ADD PRIMARY KEY (`id`);

--
-- Indexes for table `products`
--
ALTER TABLE `products`
  ADD PRIMARY KEY (`id`);

--
-- Indexes for table `projects`
--
ALTER TABLE `projects`
  ADD PRIMARY KEY (`id`);

--
-- Indexes for table `screens`
--
ALTER TABLE `screens`
  ADD PRIMARY KEY (`id`);

--
-- Indexes for table `services`
--
ALTER TABLE `services`
  ADD PRIMARY KEY (`id`);

--
-- Indexes for table `site`
--
ALTER TABLE `site`
  ADD PRIMARY KEY (`id`);

--
-- Indexes for table `slider`
--
ALTER TABLE `slider`
  ADD PRIMARY KEY (`id`);

--
-- AUTO_INCREMENT for dumped tables
--

--
-- AUTO_INCREMENT for table `actions`
--
ALTER TABLE `actions`
  MODIFY `id` int(10) UNSIGNED NOT NULL AUTO_INCREMENT, AUTO_INCREMENT=459;

--
-- AUTO_INCREMENT for table `categories`
--
ALTER TABLE `categories`
  MODIFY `id` int(10) UNSIGNED NOT NULL AUTO_INCREMENT, AUTO_INCREMENT=7;

--
-- AUTO_INCREMENT for table `clients`
--
ALTER TABLE `clients`
  MODIFY `id` int(10) UNSIGNED NOT NULL AUTO_INCREMENT, AUTO_INCREMENT=12;

--
-- AUTO_INCREMENT for table `contact`
--
ALTER TABLE `contact`
  MODIFY `id` int(10) UNSIGNED NOT NULL AUTO_INCREMENT, AUTO_INCREMENT=2;

--
-- AUTO_INCREMENT for table `gallery`
--
ALTER TABLE `gallery`
  MODIFY `id` int(10) UNSIGNED NOT NULL AUTO_INCREMENT;

--
-- AUTO_INCREMENT for table `gallery_depts`
--
ALTER TABLE `gallery_depts`
  MODIFY `id` int(11) NOT NULL AUTO_INCREMENT, AUTO_INCREMENT=4;

--
-- AUTO_INCREMENT for table `groups`
--
ALTER TABLE `groups`
  MODIFY `id` int(10) UNSIGNED NOT NULL AUTO_INCREMENT, AUTO_INCREMENT=3;

--
-- AUTO_INCREMENT for table `migrations`
--
ALTER TABLE `migrations`
  MODIFY `id` int(10) UNSIGNED NOT NULL AUTO_INCREMENT, AUTO_INCREMENT=17;

--
-- AUTO_INCREMENT for table `news`
--
ALTER TABLE `news`
  MODIFY `id` int(10) UNSIGNED NOT NULL AUTO_INCREMENT;

--
-- AUTO_INCREMENT for table `pages`
--
ALTER TABLE `pages`
  MODIFY `id` int(10) UNSIGNED NOT NULL AUTO_INCREMENT, AUTO_INCREMENT=4;

--
-- AUTO_INCREMENT for table `permissions`
--
ALTER TABLE `permissions`
  MODIFY `id` int(10) UNSIGNED NOT NULL AUTO_INCREMENT, AUTO_INCREMENT=47;

--
-- AUTO_INCREMENT for table `products`
--
ALTER TABLE `products`
  MODIFY `id` int(10) UNSIGNED NOT NULL AUTO_INCREMENT, AUTO_INCREMENT=7;

--
-- AUTO_INCREMENT for table `projects`
--
ALTER TABLE `projects`
  MODIFY `id` int(10) UNSIGNED NOT NULL AUTO_INCREMENT, AUTO_INCREMENT=15;

--
-- AUTO_INCREMENT for table `screens`
--
ALTER TABLE `screens`
  MODIFY `id` int(10) UNSIGNED NOT NULL AUTO_INCREMENT, AUTO_INCREMENT=4;

--
-- AUTO_INCREMENT for table `services`
--
ALTER TABLE `services`
  MODIFY `id` int(10) UNSIGNED NOT NULL AUTO_INCREMENT, AUTO_INCREMENT=4;

--
-- AUTO_INCREMENT for table `site`
--
ALTER TABLE `site`
  MODIFY `id` int(10) UNSIGNED NOT NULL AUTO_INCREMENT, AUTO_INCREMENT=2;

--
-- AUTO_INCREMENT for table `slider`
--
ALTER TABLE `slider`
  MODIFY `id` int(10) UNSIGNED NOT NULL AUTO_INCREMENT, AUTO_INCREMENT=29;
COMMIT;

